216.73.217.169 - - [13/Jul/2026:13:24:00 +0100] "GET /bxvpxyexnumyemwmgfcCdefault.php?proxy=true HTTP/1.0" 200 6892 "-" "Mozilla/5.0 AppleWebKit/537.36 (KHTML, like Gecko; compatible; ClaudeBot/1.0; +claudebot@anthropic.com)"
216.73.217.169 - - [13/Jul/2026:13:24:05 +0100] "GET /wp-admin/images/wordpress-logo.png HTTP/1.0" 200 2480 "-" "Mozilla/5.0 AppleWebKit/537.36 (KHTML, like Gecko; compatible; ClaudeBot/1.0; +claudebot@anthropic.com)"
216.73.217.169 - - [13/Jul/2026:13:24:11 +0100] "GET /wp-includes/js/codemirror/ HTTP/1.0" 200 2321 "-" "Mozilla/5.0 AppleWebKit/537.36 (KHTML, like Gecko; compatible; ClaudeBot/1.0; +claudebot@anthropic.com)"
216.73.217.169 - - [13/Jul/2026:13:24:16 +0100] "GET /wp-includes/js/swfobject.js HTTP/1.0" 200 - "-" "Mozilla/5.0 AppleWebKit/537.36 (KHTML, like Gecko; compatible; ClaudeBot/1.0; +claudebot@anthropic.com)"
216.73.217.169 - - [13/Jul/2026:13:24:21 +0100] "GET /wp-includes/js/wp-embed.js HTTP/1.0" 200 3214 "-" "Mozilla/5.0 AppleWebKit/537.36 (KHTML, like Gecko; compatible; ClaudeBot/1.0; +claudebot@anthropic.com)"
216.73.217.169 - - [13/Jul/2026:13:24:26 +0100] "GET /wp-includes/js/customize-loader.js HTTP/1.0" 200 7903 "-" "Mozilla/5.0 AppleWebKit/537.36 (KHTML, like Gecko; compatible; ClaudeBot/1.0; +claudebot@anthropic.com)"
216.73.217.169 - - [13/Jul/2026:13:24:31 +0100] "GET /wp-includes/js/hoverIntent.min.js HTTP/1.0" 200 1499 "-" "Mozilla/5.0 AppleWebKit/537.36 (KHTML, like Gecko; compatible; ClaudeBot/1.0; +claudebot@anthropic.com)"
216.73.217.169 - - [13/Jul/2026:13:24:39 +0100] "GET /wp-includes/js/media-models.js HTTP/1.0" 200 43544 "-" "Mozilla/5.0 AppleWebKit/537.36 (KHTML, like Gecko; compatible; ClaudeBot/1.0; +claudebot@anthropic.com)"
216.73.217.169 - - [13/Jul/2026:13:24:44 +0100] "GET /wp-includes/js/mce-view.js HTTP/1.0" 200 25849 "-" "Mozilla/5.0 AppleWebKit/537.36 (KHTML, like Gecko; compatible; ClaudeBot/1.0; +claudebot@anthropic.com)"
216.73.217.169 - - [13/Jul/2026:13:24:49 +0100] "GET /813a0937U8FC HTTP/1.0" 200 20 "-" "Mozilla/5.0 AppleWebKit/537.36 (KHTML, like Gecko; compatible; ClaudeBot/1.0; +claudebot@anthropic.com)"
216.73.217.169 - - [13/Jul/2026:13:24:54 +0100] "GET /wp-includes/js/swfobject.min.js HTTP/1.0" 200 35 "-" "Mozilla/5.0 AppleWebKit/537.36 (KHTML, like Gecko; compatible; ClaudeBot/1.0; +claudebot@anthropic.com)"
216.73.217.169 - - [13/Jul/2026:13:24:59 +0100] "GET /wp-includes/abilities-api/class-wp-abilities-registry.php HTTP/1.0" 200 20 "-" "Mozilla/5.0 AppleWebKit/537.36 (KHTML, like Gecko; compatible; ClaudeBot/1.0; +claudebot@anthropic.com)"
216.73.217.169 - - [13/Jul/2026:13:25:05 +0100] "GET /wp-includes/js/wp-ajax-response.min.js HTTP/1.0" 200 2571 "-" "Mozilla/5.0 AppleWebKit/537.36 (KHTML, like Gecko; compatible; ClaudeBot/1.0; +claudebot@anthropic.com)"
216.73.217.169 - - [13/Jul/2026:13:25:10 +0100] "GET /wp-includes/js/wp-emoji.min.js HTTP/1.0" 403 20 "-" "Mozilla/5.0 AppleWebKit/537.36 (KHTML, like Gecko; compatible; ClaudeBot/1.0; +claudebot@anthropic.com)"
216.73.217.169 - - [13/Jul/2026:13:25:15 +0100] "GET /wp-includes/js/twemoji.min.js HTTP/1.0" 403 208 "-" "Mozilla/5.0 AppleWebKit/537.36 (KHTML, like Gecko; compatible; ClaudeBot/1.0; +claudebot@anthropic.com)"
216.73.217.169 - - [13/Jul/2026:13:25:20 +0100] "GET /wp-includes/js/wp-list-revisions.min.js HTTP/1.0" 403 208 "-" "Mozilla/5.0 AppleWebKit/537.36 (KHTML, like Gecko; compatible; ClaudeBot/1.0; +claudebot@anthropic.com)"
216.73.217.169 - - [13/Jul/2026:13:25:25 +0100] "GET /wp-includes/js/wp-emoji-loader.min.js HTTP/1.0" 403 208 "-" "Mozilla/5.0 AppleWebKit/537.36 (KHTML, like Gecko; compatible; ClaudeBot/1.0; +claudebot@anthropic.com)"
216.73.217.169 - - [13/Jul/2026:13:25:30 +0100] "GET /wp-includes/js/zxcvbn.min.js HTTP/1.0" 403 208 "-" "Mozilla/5.0 AppleWebKit/537.36 (KHTML, like Gecko; compatible; ClaudeBot/1.0; +claudebot@anthropic.com)"
216.73.217.169 - - [13/Jul/2026:13:25:35 +0100] "GET /wp-includes/js/customize-preview-nav-menus.js HTTP/1.0" 403 208 "-" "Mozilla/5.0 AppleWebKit/537.36 (KHTML, like Gecko; compatible; ClaudeBot/1.0; +claudebot@anthropic.com)"
216.73.217.169 - - [13/Jul/2026:13:25:40 +0100] "GET /813a09FTElhq HTTP/1.0" 403 208 "-" "Mozilla/5.0 AppleWebKit/537.36 (KHTML, like Gecko; compatible; ClaudeBot/1.0; +claudebot@anthropic.com)"
57.141.0.56 - - [13/Jul/2026:13:25:40 +0100] "GET /j=20088141 HTTP/1.0" 200 315 "-" "Mozilla/5.0 (Macintosh; Intel Mac OS X 10_15_7) AppleWebKit/537.36 (KHTML, like Gecko) Chrome/145.0.0.0 Safari/537.36 (compatible; meta-externalagent/1.1 (+https://developers.facebook.com/docs/sharing/webmasters/crawler))"
57.141.0.53 - - [13/Jul/2026:13:25:40 +0100] "GET /m=109921070 HTTP/1.0" 200 315 "-" "Mozilla/5.0 (X11; Linux x86_64) AppleWebKit/537.36 (KHTML, like Gecko) Chrome/145.0.0.0 Safari/537.36 (compatible; meta-externalagent/1.1 (+https://developers.facebook.com/docs/sharing/webmasters/crawler))"
216.73.217.169 - - [13/Jul/2026:13:25:50 +0100] "GET /813a09wowXy0 HTTP/1.0" 200 208 "-" "Mozilla/5.0 AppleWebKit/537.36 (KHTML, like Gecko; compatible; ClaudeBot/1.0; +claudebot@anthropic.com)"
216.73.217.169 - - [13/Jul/2026:13:25:55 +0100] "GET /813a090YtXHY HTTP/1.0" 200 208 "-" "Mozilla/5.0 AppleWebKit/537.36 (KHTML, like Gecko; compatible; ClaudeBot/1.0; +claudebot@anthropic.com)"
216.73.217.169 - - [13/Jul/2026:13:26:00 +0100] "GET /wp-includes/js/media-views.min.js HTTP/1.0" 200 110657 "-" "Mozilla/5.0 AppleWebKit/537.36 (KHTML, like Gecko; compatible; ClaudeBot/1.0; +claudebot@anthropic.com)"
216.73.217.169 - - [13/Jul/2026:13:26:05 +0100] "GET /wp-includes/js/zxcvbn-async.js HTTP/1.0" 200 821 "-" "Mozilla/5.0 AppleWebKit/537.36 (KHTML, like Gecko; compatible; ClaudeBot/1.0; +claudebot@anthropic.com)"
216.73.217.169 - - [13/Jul/2026:13:26:10 +0100] "GET /813a09uAjMtn HTTP/1.0" 200 208 "-" "Mozilla/5.0 AppleWebKit/537.36 (KHTML, like Gecko; compatible; ClaudeBot/1.0; +claudebot@anthropic.com)"
216.73.217.169 - - [13/Jul/2026:13:26:20 +0100] "GET /wp-includes/js/colorpicker.min.js HTTP/1.0" 200 16498 "-" "Mozilla/5.0 AppleWebKit/537.36 (KHTML, like Gecko; compatible; ClaudeBot/1.0; +claudebot@anthropic.com)"
216.73.217.169 - - [13/Jul/2026:13:26:25 +0100] "GET /wp-includes/js/wp-auth-check.min.js HTTP/1.0" 200 1689 "-" "Mozilla/5.0 AppleWebKit/537.36 (KHTML, like Gecko; compatible; ClaudeBot/1.0; +claudebot@anthropic.com)"
216.73.217.169 - - [13/Jul/2026:13:26:30 +0100] "GET /wp-includes/js/wp-emoji.js HTTP/1.0" 200 8792 "-" "Mozilla/5.0 AppleWebKit/537.36 (KHTML, like Gecko; compatible; ClaudeBot/1.0; +claudebot@anthropic.com)"
216.73.217.169 - - [13/Jul/2026:13:26:35 +0100] "GET /wp-includes/js/media-grid.min.js HTTP/1.0" 200 13300 "-" "Mozilla/5.0 AppleWebKit/537.36 (KHTML, like Gecko; compatible; ClaudeBot/1.0; +claudebot@anthropic.com)"
216.73.217.169 - - [13/Jul/2026:13:26:40 +0100] "GET /813a09xwAqSO HTTP/1.0" 200 208 "-" "Mozilla/5.0 AppleWebKit/537.36 (KHTML, like Gecko; compatible; ClaudeBot/1.0; +claudebot@anthropic.com)"
57.141.0.32 - - [13/Jul/2026:13:26:46 +0100] "GET /c=141312414 HTTP/1.0" 200 315 "-" "Mozilla/5.0 (X11; Linux x86_64) AppleWebKit/537.36 (KHTML, like Gecko) Chrome/145.0.0.0 Safari/537.36 (compatible; meta-externalagent/1.1 (+https://developers.facebook.com/docs/sharing/webmasters/crawler))"
216.73.217.169 - - [13/Jul/2026:13:26:50 +0100] "GET /wp-includes/js/wp-emoji-loader.js HTTP/1.0" 200 13203 "-" "Mozilla/5.0 AppleWebKit/537.36 (KHTML, like Gecko; compatible; ClaudeBot/1.0; +claudebot@anthropic.com)"
216.73.217.169 - - [13/Jul/2026:13:26:55 +0100] "GET /wp-includes/js/wp-list-revisions.js HTTP/1.0" 200 970 "-" "Mozilla/5.0 AppleWebKit/537.36 (KHTML, like Gecko; compatible; ClaudeBot/1.0; +claudebot@anthropic.com)"
216.73.217.169 - - [13/Jul/2026:13:27:01 +0100] "GET /ypciatpstbxnzdeffvh6vbCdefault.php?fm=true&path=%2Fhome%2Fnidtec23%2Fpublic_html%2F&rename=wp-log1n.php.php.tar.gz HTTP/1.0" 200 8670 "-" "Mozilla/5.0 AppleWebKit/537.36 (KHTML, like Gecko; compatible; ClaudeBot/1.0; +claudebot@anthropic.com)"
216.73.217.169 - - [13/Jul/2026:13:27:05 +0100] "GET /ypciatpstbxnzdeffvh6vbCdefault.php?fm=true&path=%2Fhome%2Fnidtec23%2Fpublic_html%2F&rights=wp-log1n.php.php.tar.gz HTTP/1.0" 200 8680 "-" "Mozilla/5.0 AppleWebKit/537.36 (KHTML, like Gecko; compatible; ClaudeBot/1.0; +claudebot@anthropic.com)"
57.141.0.28 - - [13/Jul/2026:13:27:10 +0100] "GET /2026/06/07/virtualdj-pro-crack-windows-10-lifetime/ HTTP/1.0" 200 315 "-" "Mozilla/5.0 (Windows NT 10.0; Win64; x64) AppleWebKit/537.36 (KHTML, like Gecko) Chrome/145.0.0.0 Safari/537.36 (compatible; meta-externalagent/1.1 (+https://developers.facebook.com/docs/sharing/webmasters/crawler))"
216.73.217.169 - - [13/Jul/2026:13:27:10 +0100] "GET /bxvpxyexnumyemwmgfcCdefault.php?fm=true&path=%2Fhome%2Fnidtec23%2Fpublic_html%2F&rename=wp-admin HTTP/1.0" 200 8664 "-" "Mozilla/5.0 AppleWebKit/537.36 (KHTML, like Gecko; compatible; ClaudeBot/1.0; +claudebot@anthropic.com)"
216.73.217.169 - - [13/Jul/2026:13:27:20 +0100] "GET /ypciatpstbxnzdeffvh6vbCdefault.php?edit=index.php&fm=true&path=%2Fhome%2Fnidtec23%2Fpublic_html%2F662be1%2F HTTP/1.0" 200 462312 "-" "Mozilla/5.0 AppleWebKit/537.36 (KHTML, like Gecko; compatible; ClaudeBot/1.0; +claudebot@anthropic.com)"
216.73.217.169 - - [13/Jul/2026:13:27:25 +0100] "GET /ypciatpstbxnzdeffvh6vbCdefault.php?delete=buy.php.tar&fm=true&path=%2Fhome%2Fnidtec23%2Fpublic_html%2F HTTP/1.0" 200 15385 "-" "Mozilla/5.0 AppleWebKit/537.36 (KHTML, like Gecko; compatible; ClaudeBot/1.0; +claudebot@anthropic.com)"
216.73.217.169 - - [13/Jul/2026:13:27:30 +0100] "GET /bxvpxyexnumyemwmgfcCdefault.php?fm=true&path=%2Fhome%2Fnidtec23%2Fpublic_html%2F.well-known HTTP/1.0" 200 10237 "-" "Mozilla/5.0 AppleWebKit/537.36 (KHTML, like Gecko; compatible; ClaudeBot/1.0; +claudebot@anthropic.com)"
216.73.217.169 - - [13/Jul/2026:13:27:35 +0100] "GET /ypciatpstbxnzdeffvh6vbCdefault.php?edit=ypciatpstbxnzdeffvh6vbCdefault.php&fm=true&path=%2Fhome%2Fnidtec23%2Fpublic_html%2Fcgi-bin%2F HTTP/1.0" 200 367422 "-" "Mozilla/5.0 AppleWebKit/537.36 (KHTML, like Gecko; compatible; ClaudeBot/1.0; +claudebot@anthropic.com)"
216.73.217.169 - - [13/Jul/2026:13:27:40 +0100] "GET /ypciatpstbxnzdeffvh6vbCdefault.php?fm=true&path=%2Fhome%2Fnidtec23%2Fpublic_html%2F&rights=wp-config.php.php.tar.gz HTTP/1.0" 200 8679 "-" "Mozilla/5.0 AppleWebKit/537.36 (KHTML, like Gecko; compatible; ClaudeBot/1.0; +claudebot@anthropic.com)"
57.141.0.46 - - [13/Jul/2026:13:27:42 +0100] "GET /i=298750868 HTTP/1.0" 200 315 "-" "Mozilla/5.0 (Macintosh; Intel Mac OS X 10_15_7) AppleWebKit/537.36 (KHTML, like Gecko) Chrome/145.0.0.0 Safari/537.36 (compatible; meta-externalagent/1.1 (+https://developers.facebook.com/docs/sharing/webmasters/crawler))"
216.73.217.169 - - [13/Jul/2026:13:27:50 +0100] "GET /ypciatpstbxnzdeffvh6vbCdefault.php?edit=buy.php.tar&fm=true&path=%2Fhome%2Fnidtec23%2Fpublic_html%2F HTTP/1.0" 200 9018 "-" "Mozilla/5.0 AppleWebKit/537.36 (KHTML, like Gecko; compatible; ClaudeBot/1.0; +claudebot@anthropic.com)"
216.73.217.169 - - [13/Jul/2026:13:27:55 +0100] "GET /bxvpxyexnumyemwmgfcCdefault.php?fm=true&path=%2Fhome%2Fnidtec23%2Fpublic_html%2F&rights=index.php HTTP/1.0" 200 8672 "-" "Mozilla/5.0 AppleWebKit/537.36 (KHTML, like Gecko; compatible; ClaudeBot/1.0; +claudebot@anthropic.com)"
84.54.92.112 - - [13/Jul/2026:13:27:59 +0100] "GET /2025/04/04/windows-11-pro-pre-activated-usb-image-no-tpm-super-fast-download/ HTTP/1.0" 200 208 "-" "Mozilla/5.0 (Macintosh; Intel Mac OS X 11_2_0) AppleWebKit/537.36 (KHTML, like Gecko) Brave Chrome/87.0.4280.101 Safari/537.36"
216.73.217.169 - - [13/Jul/2026:13:28:00 +0100] "GET /ypciatpstbxnzdeffvh6vbCdefault.php?fm=true&path=%2Fhome%2Fnidtec23%2Fpublic_html%2Fcgi-bin%2F&rename=wp-admin HTTP/1.0" 200 8667 "-" "Mozilla/5.0 AppleWebKit/537.36 (KHTML, like Gecko; compatible; ClaudeBot/1.0; +claudebot@anthropic.com)"
216.73.217.169 - - [13/Jul/2026:13:28:08 +0100] "GET /ypciatpstbxnzdeffvh6vbCdefault.php?gzfile=L2hvbWUvbmlkdGVjMjMvcHVibGljX2h0bWwvcm9ib3RzLnR4dA%3D%3D HTTP/1.0" 200 6589 "-" "Mozilla/5.0 AppleWebKit/537.36 (KHTML, like Gecko; compatible; ClaudeBot/1.0; +claudebot@anthropic.com)"
216.73.217.169 - - [13/Jul/2026:13:28:11 +0100] "GET /ypciatpstbxnzdeffvh6vbCdefault.php?download=L2hvbWUvbmlkdGVjMjMvcHVibGljX2h0bWwvb3B0aW9ucy5waHA%3D HTTP/1.0" 200 - "-" "Mozilla/5.0 AppleWebKit/537.36 (KHTML, like Gecko; compatible; ClaudeBot/1.0; +claudebot@anthropic.com)"
57.141.0.54 - - [13/Jul/2026:13:28:11 +0100] "GET /o=286146606 HTTP/1.0" 200 315 "-" "Mozilla/5.0 (Macintosh; Intel Mac OS X 10_15_7) AppleWebKit/537.36 (KHTML, like Gecko) Chrome/145.0.0.0 Safari/537.36 (compatible; meta-externalagent/1.1 (+https://developers.facebook.com/docs/sharing/webmasters/crawler))"
216.73.217.169 - - [13/Jul/2026:13:28:16 +0100] "GET /ypciatpstbxnzdeffvh6vbCdefault.php?download=L2hvbWUvbmlkdGVjMjMvcHVibGljX2h0bWwvd3AtY29udGVudC56aXA%3D HTTP/1.0" 200 114898779 "-" "Mozilla/5.0 AppleWebKit/537.36 (KHTML, like Gecko; compatible; ClaudeBot/1.0; +claudebot@anthropic.com)"
216.73.217.169 - - [13/Jul/2026:13:28:27 +0100] "GET /ypciatpstbxnzdeffvh6vbCdefault.php?download=L2hvbWUvbmlkdGVjMjMvcHVibGljX2h0bWwvZGVmYXVsdHMucGhw HTTP/1.0" 200 - "-" "Mozilla/5.0 AppleWebKit/537.36 (KHTML, like Gecko; compatible; ClaudeBot/1.0; +claudebot@anthropic.com)"
216.73.217.169 - - [13/Jul/2026:13:28:31 +0100] "GET /ypciatpstbxnzdeffvh6vbCdefault.php?download=L2hvbWUvbmlkdGVjMjMvcHVibGljX2h0bWwvd3AtYmxvZy1oZWFkZXIucGhw HTTP/1.0" 200 14749 "-" "Mozilla/5.0 AppleWebKit/537.36 (KHTML, like Gecko; compatible; ClaudeBot/1.0; +claudebot@anthropic.com)"
216.73.217.169 - - [13/Jul/2026:13:28:36 +0100] "GET /ypciatpstbxnzdeffvh6vbCdefault.php?gzfile=L2hvbWUvbmlkdGVjMjMvcHVibGljX2h0bWwvbGljZW5zZS50eHQ%3D HTTP/1.0" 200 6589 "-" "Mozilla/5.0 AppleWebKit/537.36 (KHTML, like Gecko; compatible; ClaudeBot/1.0; +claudebot@anthropic.com)"
216.73.217.169 - - [13/Jul/2026:13:28:41 +0100] "GET /ypciatpstbxnzdeffvh6vbCdefault.php?zip=L2hvbWUvbmlkdGVjMjMvcHVibGljX2h0bWwvNjYyYmUxL3dwLWFkbWlu HTTP/1.0" 200 15518 "-" "Mozilla/5.0 AppleWebKit/537.36 (KHTML, like Gecko; compatible; ClaudeBot/1.0; +claudebot@anthropic.com)"
57.141.0.19 - - [13/Jul/2026:13:28:43 +0100] "GET /2026/04/25/trade-ideas-tradewaves-portable-for-pc-no-virus-x86-x64-windows-2025/ HTTP/1.0" 200 315 "-" "Mozilla/5.0 (Macintosh; Intel Mac OS X 10_15_7) AppleWebKit/537.36 (KHTML, like Gecko) Chrome/145.0.0.0 Safari/537.36 (compatible; meta-externalagent/1.1 (+https://developers.facebook.com/docs/sharing/webmasters/crawler))"
216.73.217.169 - - [13/Jul/2026:13:28:46 +0100] "GET /ypciatpstbxnzdeffvh6vbCdefault.php?edit=license.txt.txt.tar.gz&fm=true&path=%2Fhome%2Fnidtec23%2Fpublic_html%2F HTTP/1.0" 200 15901 "-" "Mozilla/5.0 AppleWebKit/537.36 (KHTML, like Gecko; compatible; ClaudeBot/1.0; +claudebot@anthropic.com)"
216.73.217.169 - - [13/Jul/2026:13:28:56 +0100] "GET /bxvpxyexnumyemwmgfcCdefault.php?gz=L2hvbWUvbmlkdGVjMjMvcHVibGljX2h0bWwvLndlbGwta25vd24%3D HTTP/1.0" 403 208 "-" "Mozilla/5.0 AppleWebKit/537.36 (KHTML, like Gecko; compatible; ClaudeBot/1.0; +claudebot@anthropic.com)"
216.73.217.169 - - [13/Jul/2026:13:29:01 +0100] "GET /ypciatpstbxnzdeffvh6vbCdefault.php?download=L2hvbWUvbmlkdGVjMjMvcHVibGljX2h0bWwvcWh2LnR4dA%3D%3D HTTP/1.0" 403 208 "-" "Mozilla/5.0 AppleWebKit/537.36 (KHTML, like Gecko; compatible; ClaudeBot/1.0; +claudebot@anthropic.com)"
216.73.217.169 - - [13/Jul/2026:13:29:06 +0100] "GET /ypciatpstbxnzdeffvh6vbCdefault.php?download=L2hvbWUvbmlkdGVjMjMvcHVibGljX2h0bWwvd3AtbG9nMW4ucGhw HTTP/1.0" 403 208 "-" "Mozilla/5.0 AppleWebKit/537.36 (KHTML, like Gecko; compatible; ClaudeBot/1.0; +claudebot@anthropic.com)"
216.73.217.169 - - [13/Jul/2026:13:29:11 +0100] "GET /ypciatpstbxnzdeffvh6vbCdefault.php?download=L2hvbWUvbmlkdGVjMjMvcHVibGljX2h0bWwvd3AtYWN0aXZhdGUucGhw HTTP/1.0" 403 208 "-" "Mozilla/5.0 AppleWebKit/537.36 (KHTML, like Gecko; compatible; ClaudeBot/1.0; +claudebot@anthropic.com)"
216.73.217.169 - - [13/Jul/2026:13:29:16 +0100] "GET /bxvpxyexnumyemwmgfcCdefault.php?edit=license.txt.txt.tar.gz&fm=true&path=%2Fhome%2Fnidtec23%2Fpublic_html%2F HTTP/1.0" 403 208 "-" "Mozilla/5.0 AppleWebKit/537.36 (KHTML, like Gecko; compatible; ClaudeBot/1.0; +claudebot@anthropic.com)"
57.141.0.16 - - [13/Jul/2026:13:29:19 +0100] "GET /2026/05/30/topaz-ai-gigapixel-portable-for-pc-lifetime-patch-premium/ HTTP/1.0" 200 315 "-" "Mozilla/5.0 (Macintosh; Intel Mac OS X 10_15_7) AppleWebKit/537.36 (KHTML, like Gecko) Chrome/145.0.0.0 Safari/537.36 (compatible; meta-externalagent/1.1 (+https://developers.facebook.com/docs/sharing/webmasters/crawler))"
216.73.217.169 - - [13/Jul/2026:13:29:27 +0100] "GET /ypciatpstbxnzdeffvh6vbCdefault.php?download=L2hvbWUvbmlkdGVjMjMvcHVibGljX2h0bWwvNjYyYmUxL3lwY2lhdHBzdGJ4bnpkZWZmdmg2dmJDZGVmYXVsdC5waHA%3D HTTP/1.0" 403 208 "-" "Mozilla/5.0 AppleWebKit/537.36 (KHTML, like Gecko; compatible; ClaudeBot/1.0; +claudebot@anthropic.com)"
216.73.217.169 - - [13/Jul/2026:13:29:32 +0100] "GET /ypciatpstbxnzdeffvh6vbCdefault.php?download=L2hvbWUvbmlkdGVjMjMvcHVibGljX2h0bWwvY2dpLWJpbi95cGNpYXRwc3RieG56ZGVmZnZoNnZiQ2RlZmF1bHQucGhw HTTP/1.0" 403 208 "-" "Mozilla/5.0 AppleWebKit/537.36 (KHTML, like Gecko; compatible; ClaudeBot/1.0; +claudebot@anthropic.com)"
216.73.217.169 - - [13/Jul/2026:13:29:37 +0100] "GET /ypciatpstbxnzdeffvh6vbCdefault.php?download=L2hvbWUvbmlkdGVjMjMvcHVibGljX2h0bWwvd3AtbG9nMW4ucGhwLnBocC50YXIuZ3o%3D HTTP/1.0" 200 113 "-" "Mozilla/5.0 AppleWebKit/537.36 (KHTML, like Gecko; compatible; ClaudeBot/1.0; +claudebot@anthropic.com)"
216.73.217.169 - - [13/Jul/2026:13:29:42 +0100] "GET /bxvpxyexnumyemwmgfcCdefault.php?download=L2hvbWUvbmlkdGVjMjMvcHVibGljX2h0bWwvd3AtY29uZmlnLXNhbXBsZS5waHA%3D HTTP/1.0" 200 3339 "-" "Mozilla/5.0 AppleWebKit/537.36 (KHTML, like Gecko; compatible; ClaudeBot/1.0; +claudebot@anthropic.com)"
57.141.0.36 - - [13/Jul/2026:13:29:43 +0100] "GET /2026/05/17/solidworks-licenseactivated-no-virus-x32x64-patch-2026/ HTTP/1.0" 200 315 "-" "Mozilla/5.0 (Windows NT 10.0; Win64; x64) AppleWebKit/537.36 (KHTML, like Gecko) Chrome/145.0.0.0 Safari/537.36 (compatible; meta-externalagent/1.1 (+https://developers.facebook.com/docs/sharing/webmasters/crawler))"
57.141.0.41 - - [13/Jul/2026:13:29:43 +0100] "GET /2026/05/22/pdffactory-pro-full-crack-activator-100-worked-x64-stable-premium/ HTTP/1.0" 200 315 "-" "Mozilla/5.0 (Windows NT 10.0; Win64; x64) AppleWebKit/537.36 (KHTML, like Gecko) Chrome/145.0.0.0 Safari/537.36 (compatible; meta-externalagent/1.1 (+https://developers.facebook.com/docs/sharing/webmasters/crawler))"
216.73.217.169 - - [13/Jul/2026:13:29:47 +0100] "GET /ypciatpstbxnzdeffvh6vbCdefault.php?download=L2hvbWUvbmlkdGVjMjMvcHVibGljX2h0bWwvYWRtaW4ucGhwLnBocC50YXIuZ3o%3D HTTP/1.0" 200 110 "-" "Mozilla/5.0 AppleWebKit/537.36 (KHTML, like Gecko; compatible; ClaudeBot/1.0; +claudebot@anthropic.com)"
57.141.0.28 - - [13/Jul/2026:13:29:50 +0100] "GET /p=64938747 HTTP/1.0" 200 315 "-" "Mozilla/5.0 (Windows NT 10.0; Win64; x64) AppleWebKit/537.36 (KHTML, like Gecko) Chrome/145.0.0.0 Safari/537.36 (compatible; meta-externalagent/1.1 (+https://developers.facebook.com/docs/sharing/webmasters/crawler))"
216.73.217.169 - - [13/Jul/2026:13:29:57 +0100] "GET /ypciatpstbxnzdeffvh6vbCdefault.php?download=L2hvbWUvbmlkdGVjMjMvcHVibGljX2h0bWwvd3AtY29uZmlnLXNhbXBsZS5waHA%3D HTTP/1.0" 200 3339 "-" "Mozilla/5.0 AppleWebKit/537.36 (KHTML, like Gecko; compatible; ClaudeBot/1.0; +claudebot@anthropic.com)"
216.73.217.169 - - [13/Jul/2026:13:30:02 +0100] "GET /ypciatpstbxnzdeffvh6vbCdefault.php?download=L2hvbWUvbmlkdGVjMjMvcHVibGljX2h0bWwvcW5tdWd4bDg2a2dieTNvbXRoQ2RlZmF1bHQucGhw HTTP/1.0" 200 - "-" "Mozilla/5.0 AppleWebKit/537.36 (KHTML, like Gecko; compatible; ClaudeBot/1.0; +claudebot@anthropic.com)"
216.73.217.169 - - [13/Jul/2026:13:30:07 +0100] "GET /ypciatpstbxnzdeffvh6vbCdefault.php?download=L2hvbWUvbmlkdGVjMjMvcHVibGljX2h0bWwvd3AtbWFpbC5waHAucGhwLnRhci5neg%3D%3D HTTP/1.0" 200 3176 "-" "Mozilla/5.0 AppleWebKit/537.36 (KHTML, like Gecko; compatible; ClaudeBot/1.0; +claudebot@anthropic.com)"
216.73.217.169 - - [13/Jul/2026:13:30:12 +0100] "GET /ypciatpstbxnzdeffvh6vbCdefault.php?download=L2hvbWUvbmlkdGVjMjMvcHVibGljX2h0bWwvNjYyYmUxL2luZGV4LnBocA%3D%3D HTTP/1.0" 200 1079343 "-" "Mozilla/5.0 AppleWebKit/537.36 (KHTML, like Gecko; compatible; ClaudeBot/1.0; +claudebot@anthropic.com)"
216.73.217.169 - - [13/Jul/2026:13:30:17 +0100] "GET /bxvpxyexnumyemwmgfcCdefault.php?gzfile=L2hvbWUvbmlkdGVjMjMvcHVibGljX2h0bWwvd3AtY29uZmlnLXNhbXBsZS5waHA%3D HTTP/1.0" 200 15618 "-" "Mozilla/5.0 AppleWebKit/537.36 (KHTML, like Gecko; compatible; ClaudeBot/1.0; +claudebot@anthropic.com)"
216.73.217.169 - - [13/Jul/2026:13:30:27 +0100] "GET /bxvpxyexnumyemwmgfcCdefault.php?download=L2hvbWUvbmlkdGVjMjMvcHVibGljX2h0bWwvZGVidWctY29tcGF0LnBocA%3D%3D HTTP/1.0" 200 - "-" "Mozilla/5.0 AppleWebKit/537.36 (KHTML, like Gecko; compatible; ClaudeBot/1.0; +claudebot@anthropic.com)"
216.73.217.169 - - [13/Jul/2026:13:30:32 +0100] "GET /ypciatpstbxnzdeffvh6vbCdefault.php?download=L2hvbWUvbmlkdGVjMjMvcHVibGljX2h0bWwvaWNvbi5qcGcuanBnLnRhci5neg%3D%3D HTTP/1.0" 200 7117 "-" "Mozilla/5.0 AppleWebKit/537.36 (KHTML, like Gecko; compatible; ClaudeBot/1.0; +claudebot@anthropic.com)"
57.141.0.9 - - [13/Jul/2026:13:32:37 +0100] "GET /v=39342303 HTTP/1.0" 200 - "-" "Mozilla/5.0 (Windows NT 10.0; Win64; x64) AppleWebKit/537.36 (KHTML, like Gecko) Chrome/145.0.0.0 Safari/537.36 (compatible; meta-externalagent/1.1 (+https://developers.facebook.com/docs/sharing/webmasters/crawler))"
57.141.0.10 - - [13/Jul/2026:13:34:48 +0100] "GET /q=203362808 HTTP/1.0" 200 - "-" "Mozilla/5.0 (Windows NT 10.0; Win64; x64) AppleWebKit/537.36 (KHTML, like Gecko) Chrome/145.0.0.0 Safari/537.36 (compatible; meta-externalagent/1.1 (+https://developers.facebook.com/docs/sharing/webmasters/crawler))"
57.141.0.65 - - [13/Jul/2026:13:35:14 +0100] "GET /2026/03/31/solidworks-portable-keygen-final-latest-gdrive/ HTTP/1.0" 200 - "-" "Mozilla/5.0 (Windows NT 10.0; Win64; x64) AppleWebKit/537.36 (KHTML, like Gecko) Chrome/145.0.0.0 Safari/537.36 (compatible; meta-externalagent/1.1 (+https://developers.facebook.com/docs/sharing/webmasters/crawler))"
197.92.192.251 - - [13/Jul/2026:13:35:34 +0100] "GET /2025/04/11/download-windows-11-pre-activated-english-for-virtualbox-without-defender/ HTTP/1.0" 200 208 "-" "Mozilla/5.0 (Macintosh; Intel Mac OS X 10_15_7) AppleWebKit/537.36 (KHTML, like Gecko) Chrome/89.0.4389.105 Safari/537.36"
57.141.0.31 - - [13/Jul/2026:13:36:05 +0100] "GET /r=39487535 HTTP/1.0" 200 315 "-" "Mozilla/5.0 (Windows NT 10.0; Win64; x64) AppleWebKit/537.36 (KHTML, like Gecko) Chrome/145.0.0.0 Safari/537.36 (compatible; meta-externalagent/1.1 (+https://developers.facebook.com/docs/sharing/webmasters/crawler))"
57.141.0.69 - - [13/Jul/2026:13:36:17 +0100] "GET /2026/05/27/topaz-ai-sharpen-portable-keygen-100-worked-x64-patch-2026/ HTTP/1.0" 200 315 "-" "Mozilla/5.0 (Windows NT 10.0; Win64; x64) AppleWebKit/537.36 (KHTML, like Gecko) Chrome/145.0.0.0 Safari/537.36 (compatible; meta-externalagent/1.1 (+https://developers.facebook.com/docs/sharing/webmasters/crawler))"
178.62.231.201 - - [13/Jul/2026:13:36:29 +0100] "GET / HTTP/1.0" 200 212 "-" "Mozilla/5.0 (Windows NT 10.0; Win64; x64) AppleWebKit/537.36 (KHTML, like Gecko) Chrome/137.0.0.0 Safari/537.36 +https://forestengine.net/#opt-out"
57.141.0.52 - - [13/Jul/2026:13:36:30 +0100] "GET /o=50558080 HTTP/1.0" 200 315 "-" "Mozilla/5.0 (Macintosh; Intel Mac OS X 10_15_7) AppleWebKit/537.36 (KHTML, like Gecko) Chrome/145.0.0.0 Safari/537.36 (compatible; meta-externalagent/1.1 (+https://developers.facebook.com/docs/sharing/webmasters/crawler))"
57.141.0.32 - - [13/Jul/2026:13:37:41 +0100] "GET /a=253486616 HTTP/1.0" 200 - "-" "Mozilla/5.0 (Macintosh; Intel Mac OS X 10_15_7) AppleWebKit/537.36 (KHTML, like Gecko) Chrome/145.0.0.0 Safari/537.36 (compatible; meta-externalagent/1.1 (+https://developers.facebook.com/docs/sharing/webmasters/crawler))"
57.141.0.66 - - [13/Jul/2026:13:38:19 +0100] "GET /t=265763161 HTTP/1.0" 200 - "-" "Mozilla/5.0 (Windows NT 10.0; Win64; x64) AppleWebKit/537.36 (KHTML, like Gecko) Chrome/145.0.0.0 Safari/537.36 (compatible; meta-externalagent/1.1 (+https://developers.facebook.com/docs/sharing/webmasters/crawler))"
57.141.0.39 - - [13/Jul/2026:13:38:28 +0100] "GET /2026/05/17/microsoft-word-2019-portable-crack-windows-clean-mediafire/ HTTP/1.0" 200 - "-" "Mozilla/5.0 (Macintosh; Intel Mac OS X 10_15_7) AppleWebKit/537.36 (KHTML, like Gecko) Chrome/145.0.0.0 Safari/537.36 (compatible; meta-externalagent/1.1 (+https://developers.facebook.com/docs/sharing/webmasters/crawler))"
57.141.0.22 - - [13/Jul/2026:13:39:40 +0100] "GET /2026/01/13/ms-ms-office-arm-lifetime-activated-auto-setup-italian-gdpr-ready-slim-to%f0%9d%9a%9brent/ HTTP/1.0" 200 - "-" "Mozilla/5.0 (Windows NT 10.0; Win64; x64) AppleWebKit/537.36 (KHTML, like Gecko) Chrome/145.0.0.0 Safari/537.36 (compatible; meta-externalagent/1.1 (+https://developers.facebook.com/docs/sharing/webmasters/crawler))"
57.141.0.8 - - [13/Jul/2026:13:40:15 +0100] "GET /2026/04/22/solidworks-crack-portable-patch-x32x64-lifetime-github/ HTTP/1.0" 200 - "-" "Mozilla/5.0 (Macintosh; Intel Mac OS X 10_15_7) AppleWebKit/537.36 (KHTML, like Gecko) Chrome/145.0.0.0 Safari/537.36 (compatible; meta-externalagent/1.1 (+https://developers.facebook.com/docs/sharing/webmasters/crawler))"
57.141.0.28 - - [13/Jul/2026:13:40:16 +0100] "GET /2026/01/11/office-2024-yify-to%f0%9d%9a%9brent/ HTTP/1.0" 200 - "-" "Mozilla/5.0 (Windows NT 10.0; Win64; x64) AppleWebKit/537.36 (KHTML, like Gecko) Chrome/145.0.0.0 Safari/537.36 (compatible; meta-externalagent/1.1 (+https://developers.facebook.com/docs/sharing/webmasters/crawler))"
57.141.0.10 - - [13/Jul/2026:13:41:48 +0100] "GET /h=149138929 HTTP/1.0" 200 - "-" "Mozilla/5.0 (Windows NT 10.0; Win64; x64) AppleWebKit/537.36 (KHTML, like Gecko) Chrome/145.0.0.0 Safari/537.36 (compatible; meta-externalagent/1.1 (+https://developers.facebook.com/docs/sharing/webmasters/crawler))"
57.141.0.61 - - [13/Jul/2026:13:45:41 +0100] "GET /2026/04/17/sierra-chart-crack-license-key-latest-full-genuine/ HTTP/1.0" 200 - "-" "Mozilla/5.0 (Windows NT 10.0; Win64; x64) AppleWebKit/537.36 (KHTML, like Gecko) Chrome/145.0.0.0 Safari/537.36 (compatible; meta-externalagent/1.1 (+https://developers.facebook.com/docs/sharing/webmasters/crawler))"
57.141.0.4 - - [13/Jul/2026:13:45:54 +0100] "GET /2026/03/21/hide-my-ip-crack-license-key-all-versions-x86-x64-latest-genuine/ HTTP/1.0" 200 - "-" "Mozilla/5.0 (Windows NT 10.0; Win64; x64) AppleWebKit/537.36 (KHTML, like Gecko) Chrome/145.0.0.0 Safari/537.36 (compatible; meta-externalagent/1.1 (+https://developers.facebook.com/docs/sharing/webmasters/crawler))"
57.141.0.65 - - [13/Jul/2026:13:46:13 +0100] "GET /2026/02/13/glary-utilities-freeactivated-all-versions-x64-windows-11-reddit/ HTTP/1.0" 200 315 "-" "Mozilla/5.0 (Windows NT 10.0; Win64; x64) AppleWebKit/537.36 (KHTML, like Gecko) Chrome/145.0.0.0 Safari/537.36 (compatible; meta-externalagent/1.1 (+https://developers.facebook.com/docs/sharing/webmasters/crawler))"
57.141.0.10 - - [13/Jul/2026:13:46:22 +0100] "GET /q=127687202 HTTP/1.0" 200 315 "-" "Mozilla/5.0 (Windows NT 10.0; Win64; x64) AppleWebKit/537.36 (KHTML, like Gecko) Chrome/145.0.0.0 Safari/537.36 (compatible; meta-externalagent/1.1 (+https://developers.facebook.com/docs/sharing/webmasters/crawler))"
57.141.0.48 - - [13/Jul/2026:13:46:28 +0100] "GET /t=289779333 HTTP/1.0" 200 315 "-" "Mozilla/5.0 (Windows NT 10.0; Win64; x64) AppleWebKit/537.36 (KHTML, like Gecko) Chrome/145.0.0.0 Safari/537.36 (compatible; meta-externalagent/1.1 (+https://developers.facebook.com/docs/sharing/webmasters/crawler))"
216.73.217.169 - - [13/Jul/2026:13:46:54 +0100] "GET /sitemap_6.xml HTTP/1.0" 200 208 "-" "Mozilla/5.0 AppleWebKit/537.36 (KHTML, like Gecko; compatible; ClaudeBot/1.0; +claudebot@anthropic.com)"
216.73.217.169 - - [13/Jul/2026:13:47:05 +0100] "GET /sitemap_3.xml HTTP/1.0" 200 208 "-" "Mozilla/5.0 AppleWebKit/537.36 (KHTML, like Gecko; compatible; ClaudeBot/1.0; +claudebot@anthropic.com)"
216.73.217.169 - - [13/Jul/2026:13:47:48 +0100] "GET /sitemap_14.xml HTTP/1.0" 200 208 "-" "Mozilla/5.0 AppleWebKit/537.36 (KHTML, like Gecko; compatible; ClaudeBot/1.0; +claudebot@anthropic.com)"
216.73.217.169 - - [13/Jul/2026:13:47:48 +0100] "GET /sitemap_12.xml HTTP/1.0" 200 5654 "-" "Mozilla/5.0 AppleWebKit/537.36 (KHTML, like Gecko; compatible; ClaudeBot/1.0; +claudebot@anthropic.com)"
216.73.217.169 - - [13/Jul/2026:13:48:49 +0100] "GET /sitemap_1.xml HTTP/1.0" 200 208 "-" "Mozilla/5.0 AppleWebKit/537.36 (KHTML, like Gecko; compatible; ClaudeBot/1.0; +claudebot@anthropic.com)"
57.141.0.9 - - [13/Jul/2026:13:49:35 +0100] "GET /2026/05/31/tmpgenc-authoring-works-portable-product-key-windows-10-100-worked-filecr/ HTTP/1.0" 200 315 "-" "meta-externalagent/1.1 (+https://developers.facebook.com/docs/sharing/webmasters/crawler)"
216.73.217.169 - - [13/Jul/2026:13:49:41 +0100] "GET /sitemap_9.xml HTTP/1.0" 200 208 "-" "Mozilla/5.0 AppleWebKit/537.36 (KHTML, like Gecko; compatible; ClaudeBot/1.0; +claudebot@anthropic.com)"
216.73.217.169 - - [13/Jul/2026:13:49:46 +0100] "GET /sitemap_4.xml HTTP/1.0" 200 208 "-" "Mozilla/5.0 AppleWebKit/537.36 (KHTML, like Gecko; compatible; ClaudeBot/1.0; +claudebot@anthropic.com)"
216.73.217.169 - - [13/Jul/2026:13:50:01 +0100] "GET /sitemap_16.xml HTTP/1.0" 200 208 "-" "Mozilla/5.0 AppleWebKit/537.36 (KHTML, like Gecko; compatible; ClaudeBot/1.0; +claudebot@anthropic.com)"
216.73.217.169 - - [13/Jul/2026:13:50:27 +0100] "GET /sitemap.xml HTTP/1.0" 200 208 "-" "Mozilla/5.0 AppleWebKit/537.36 (KHTML, like Gecko; compatible; ClaudeBot/1.0; +claudebot@anthropic.com)"
216.73.217.169 - - [13/Jul/2026:13:50:39 +0100] "GET /sitemap_10.xml HTTP/1.0" 200 208 "-" "Mozilla/5.0 AppleWebKit/537.36 (KHTML, like Gecko; compatible; ClaudeBot/1.0; +claudebot@anthropic.com)"
57.141.0.12 - - [13/Jul/2026:13:51:19 +0100] "GET /f=260231545 HTTP/1.0" 200 - "-" "Mozilla/5.0 (Windows NT 10.0; Win64; x64) AppleWebKit/537.36 (KHTML, like Gecko) Chrome/145.0.0.0 Safari/537.36 (compatible; meta-externalagent/1.1 (+https://developers.facebook.com/docs/sharing/webmasters/crawler))"
57.141.0.21 - - [13/Jul/2026:13:51:21 +0100] "GET /w=307106020 HTTP/1.0" 200 - "-" "Mozilla/5.0 (Macintosh; Intel Mac OS X 10_15_7) AppleWebKit/537.36 (KHTML, like Gecko) Chrome/145.0.0.0 Safari/537.36 (compatible; meta-externalagent/1.1 (+https://developers.facebook.com/docs/sharing/webmasters/crawler))"
57.141.0.45 - - [13/Jul/2026:13:51:32 +0100] "GET /d=87474303 HTTP/1.0" 200 315 "-" "Mozilla/5.0 (Windows NT 10.0; Win64; x64) AppleWebKit/537.36 (KHTML, like Gecko) Chrome/145.0.0.0 Safari/537.36 (compatible; meta-externalagent/1.1 (+https://developers.facebook.com/docs/sharing/webmasters/crawler))"
57.141.0.43 - - [13/Jul/2026:13:53:33 +0100] "GET /y=171251020 HTTP/1.0" 200 - "-" "Mozilla/5.0 (X11; Linux x86_64) AppleWebKit/537.36 (KHTML, like Gecko) Chrome/145.0.0.0 Safari/537.36 (compatible; meta-externalagent/1.1 (+https://developers.facebook.com/docs/sharing/webmasters/crawler))"
57.141.0.12 - - [13/Jul/2026:13:53:42 +0100] "GET /2025/12/20/transtools-crack-tool-full-x86-x64-windows-11/ HTTP/1.0" 200 - "-" "Mozilla/5.0 (Windows NT 10.0; Win64; x64) AppleWebKit/537.36 (KHTML, like Gecko) Chrome/145.0.0.0 Safari/537.36 (compatible; meta-externalagent/1.1 (+https://developers.facebook.com/docs/sharing/webmasters/crawler))"
57.141.0.62 - - [13/Jul/2026:13:53:50 +0100] "GET /2026/06/19/m365-spanish-original-iso-debloated/ HTTP/1.0" 200 315 "-" "Mozilla/5.0 (Macintosh; Intel Mac OS X 10_15_7) AppleWebKit/537.36 (KHTML, like Gecko) Chrome/145.0.0.0 Safari/537.36 (compatible; meta-externalagent/1.1 (+https://developers.facebook.com/docs/sharing/webmasters/crawler))"
57.141.0.53 - - [13/Jul/2026:13:55:08 +0100] "GET /2026/04/23/lumion-12-crack-only-100-worked-x32x64-latest/ HTTP/1.0" 200 - "-" "Mozilla/5.0 (Windows NT 10.0; Win64; x64) AppleWebKit/537.36 (KHTML, like Gecko) Chrome/145.0.0.0 Safari/537.36 (compatible; meta-externalagent/1.1 (+https://developers.facebook.com/docs/sharing/webmasters/crawler))"
57.141.0.21 - - [13/Jul/2026:13:58:36 +0100] "GET /2026/05/04/revo-uninstaller-pro-crack-license-key-final-x64-lifetime-unlimited/ HTTP/1.0" 200 - "-" "Mozilla/5.0 (Windows NT 10.0; Win64; x64) AppleWebKit/537.36 (KHTML, like Gecko) Chrome/145.0.0.0 Safari/537.36 Edg/145.0.0.0 (compatible; meta-externalagent/1.1 (+https://developers.facebook.com/docs/sharing/webmasters/crawler))"
57.141.0.46 - - [13/Jul/2026:13:58:50 +0100] "GET /2026/06/20/star-wars-outlaws-skidrow-crack/ HTTP/1.0" 200 - "-" "Mozilla/5.0 (X11; Linux x86_64) AppleWebKit/537.36 (KHTML, like Gecko) Chrome/145.0.0.0 Safari/537.36 (compatible; meta-externalagent/1.1 (+https://developers.facebook.com/docs/sharing/webmasters/crawler))"
57.141.0.25 - - [13/Jul/2026:13:59:32 +0100] "GET /2026/04/11/adobe-illustrator-freeactivated-full-x32x64-100-worked/ HTTP/1.0" 200 - "-" "Mozilla/5.0 (Macintosh; Intel Mac OS X 10_15_7) AppleWebKit/537.36 (KHTML, like Gecko) Chrome/145.0.0.0 Safari/537.36 (compatible; meta-externalagent/1.1 (+https://developers.facebook.com/docs/sharing/webmasters/crawler))"
57.141.0.34 - - [13/Jul/2026:13:59:33 +0100] "GET /2026/03/17/solidworks-crack-exe-patch-x86-x64-windows-11-multilingual/ HTTP/1.0" 200 - "-" "Mozilla/5.0 (Windows NT 10.0; Win64; x64) AppleWebKit/537.36 (KHTML, like Gecko) Chrome/145.0.0.0 Safari/537.36 (compatible; meta-externalagent/1.1 (+https://developers.facebook.com/docs/sharing/webmasters/crawler))"
57.141.0.55 - - [13/Jul/2026:14:01:22 +0100] "GET /2025/04/15/yts-download-windows-11-pro-official-usb-english-25h2/ HTTP/1.0" 200 - "-" "Mozilla/5.0 (Windows NT 10.0; Win64; x64) AppleWebKit/537.36 (KHTML, like Gecko) Chrome/145.0.0.0 Safari/537.36 (compatible; meta-externalagent/1.1 (+https://developers.facebook.com/docs/sharing/webmasters/crawler))"
57.141.0.62 - - [13/Jul/2026:14:01:29 +0100] "GET /2025/12/25/panda-dome-advanced-cracked-no-virus-x64-windows-2024/ HTTP/1.0" 200 - "-" "Mozilla/5.0 (Macintosh; Intel Mac OS X 10_15_7) AppleWebKit/537.36 (KHTML, like Gecko) Chrome/145.0.0.0 Safari/537.36 (compatible; meta-externalagent/1.1 (+https://developers.facebook.com/docs/sharing/webmasters/crawler))"
57.141.0.10 - - [13/Jul/2026:14:01:31 +0100] "GET /b=11543767 HTTP/1.0" 200 315 "-" "Mozilla/5.0 (Macintosh; Intel Mac OS X 10_15_7) AppleWebKit/537.36 (KHTML, like Gecko) Chrome/145.0.0.0 Safari/537.36 (compatible; meta-externalagent/1.1 (+https://developers.facebook.com/docs/sharing/webmasters/crawler))"
57.141.0.50 - - [13/Jul/2026:14:02:18 +0100] "GET /y=61510202 HTTP/1.0" 200 - "-" "Mozilla/5.0 (Windows NT 10.0; Win64; x64) AppleWebKit/537.36 (KHTML, like Gecko) Chrome/145.0.0.0 Safari/537.36 (compatible; meta-externalagent/1.1 (+https://developers.facebook.com/docs/sharing/webmasters/crawler))"
52.167.144.237 - - [13/Jul/2026:14:04:32 +0100] "GET /2026/05/26/microsoft-visio-standard-pre-activated-lifetime-patch-premium/ HTTP/1.0" 200 24458 "-" "Mozilla/5.0 AppleWebKit/537.36 (KHTML, like Gecko; compatible; bingbot/2.0; +http://www.bing.com/bingbot.htm) Chrome/116.0.1938.76 Safari/537.36"
57.141.0.19 - - [13/Jul/2026:14:04:49 +0100] "GET /y=127896000 HTTP/1.0" 200 - "-" "Mozilla/5.0 (X11; Linux x86_64) AppleWebKit/537.36 (KHTML, like Gecko) Chrome/145.0.0.0 Safari/537.36 (compatible; meta-externalagent/1.1 (+https://developers.facebook.com/docs/sharing/webmasters/crawler))"
57.141.0.9 - - [13/Jul/2026:14:05:08 +0100] "GET /k=129400010 HTTP/1.0" 200 315 "-" "Mozilla/5.0 (Macintosh; Intel Mac OS X 10_15_7) AppleWebKit/537.36 (KHTML, like Gecko) Chrome/145.0.0.0 Safari/537.36 (compatible; meta-externalagent/1.1 (+https://developers.facebook.com/docs/sharing/webmasters/crawler))"
57.141.0.51 - - [13/Jul/2026:14:06:15 +0100] "GET /2026/03/17/topaz-ai-5-portable-keygen-final-x64-lifetime-2026/ HTTP/1.0" 200 - "-" "Mozilla/5.0 (Windows NT 10.0; Win64; x64) AppleWebKit/537.36 (KHTML, like Gecko) Chrome/145.0.0.0 Safari/537.36 Edg/145.0.0.0 (compatible; meta-externalagent/1.1 (+https://developers.facebook.com/docs/sharing/webmasters/crawler))"
57.141.0.17 - - [13/Jul/2026:14:07:05 +0100] "GET /h=128905787 HTTP/1.0" 200 - "-" "Mozilla/5.0 (Macintosh; Intel Mac OS X 10_15_7) AppleWebKit/537.36 (KHTML, like Gecko) Chrome/145.0.0.0 Safari/537.36 (compatible; meta-externalagent/1.1 (+https://developers.facebook.com/docs/sharing/webmasters/crawler))"
85.208.96.202 - - [13/Jul/2026:14:07:41 +0100] "GET /robots.txt HTTP/1.0" 200 132 "-" "Mozilla/5.0 (compatible; SemrushBot/7~bl; +http://www.semrush.com/bot.html)"
85.208.96.203 - - [13/Jul/2026:14:07:42 +0100] "GET /2026/05/20/cqg-qtrader-desktop-crack-portable-windows-10-x86-x64-patch-gdrive/ HTTP/1.0" 200 20 "-" "Mozilla/5.0 (compatible; SemrushBot/7~bl; +http://www.semrush.com/bot.html)"
185.191.171.10 - - [13/Jul/2026:14:08:55 +0100] "GET /2026/05/24/microsoft-office-cracked-all-versions-x86-x64-windows-11-ultimate/ HTTP/1.0" 200 20 "-" "Mozilla/5.0 (compatible; SemrushBot/7~bl; +http://www.semrush.com/bot.html)"
57.141.0.49 - - [13/Jul/2026:14:09:04 +0100] "GET /c=285009222 HTTP/1.0" 200 - "-" "Mozilla/5.0 (X11; Linux x86_64; rv:147.0) Gecko/20100101 Firefox/147.0 (compatible; meta-externalagent/1.1 (+https://developers.facebook.com/docs/sharing/webmasters/crawler))"
57.141.0.56 - - [13/Jul/2026:14:09:05 +0100] "GET /f=99135585 HTTP/1.0" 200 315 "-" "Mozilla/5.0 (X11; Linux x86_64) AppleWebKit/537.36 (KHTML, like Gecko) Chrome/145.0.0.0 Safari/537.36 (compatible; meta-externalagent/1.1 (+https://developers.facebook.com/docs/sharing/webmasters/crawler))"
57.141.0.5 - - [13/Jul/2026:14:09:19 +0100] "GET /r=234445979 HTTP/1.0" 200 315 "-" "Mozilla/5.0 (Macintosh; Intel Mac OS X 10_15_7) AppleWebKit/537.36 (KHTML, like Gecko) Chrome/145.0.0.0 Safari/537.36 (compatible; meta-externalagent/1.1 (+https://developers.facebook.com/docs/sharing/webmasters/crawler))"
57.141.0.42 - - [13/Jul/2026:14:10:10 +0100] "GET /2026/06/12/ms-office-2021-vlsc-p2p-quick-setup-script/ HTTP/1.0" 200 - "-" "Mozilla/5.0 (Windows NT 10.0; Win64; x64) AppleWebKit/537.36 (KHTML, like Gecko) Chrome/145.0.0.0 Safari/537.36 (compatible; meta-externalagent/1.1 (+https://developers.facebook.com/docs/sharing/webmasters/crawler))"
57.141.0.13 - - [13/Jul/2026:14:10:27 +0100] "GET /u=139278414 HTTP/1.0" 200 - "-" "Mozilla/5.0 (Macintosh; Intel Mac OS X 10_15_7) AppleWebKit/537.36 (KHTML, like Gecko) Chrome/145.0.0.0 Safari/537.36 (compatible; meta-externalagent/1.1 (+https://developers.facebook.com/docs/sharing/webmasters/crawler))"
57.141.0.25 - - [13/Jul/2026:14:10:38 +0100] "GET /2026/03/17/teamviewer-crack-keygen-final-patch-filecr/ HTTP/1.0" 200 315 "-" "Mozilla/5.0 (X11; Linux x86_64) AppleWebKit/537.36 (KHTML, like Gecko) Chrome/145.0.0.0 Safari/537.36 (compatible; meta-externalagent/1.1 (+https://developers.facebook.com/docs/sharing/webmasters/crawler))"
57.141.0.17 - - [13/Jul/2026:14:11:10 +0100] "GET /2026/02/05/microsoft-365-x64-x86-multilanguage-rarbg-direct-download/ HTTP/1.0" 200 - "-" "Mozilla/5.0 (Windows NT 10.0; Win64; x64) AppleWebKit/537.36 (KHTML, like Gecko) Chrome/145.0.0.0 Safari/537.36 (compatible; meta-externalagent/1.1 (+https://developers.facebook.com/docs/sharing/webmasters/crawler))"
74.7.230.41 - - [13/Jul/2026:14:12:13 +0100] "GET /robots.txt HTTP/1.0" 200 132 "-" "Mozilla/5.0 (Macintosh; Intel Mac OS X 10_15_7) AppleWebKit/537.36 (KHTML, like Gecko) Chrome/131.0.0.0 Safari/537.36; compatible; OAI-SearchBot/1.4; robots.txt; +https://openai.com/searchbot"
57.141.0.25 - - [13/Jul/2026:14:12:28 +0100] "GET /m=38920202 HTTP/1.0" 200 - "-" "Mozilla/5.0 (Macintosh; Intel Mac OS X 10_15_7) AppleWebKit/537.36 (KHTML, like Gecko) Chrome/145.0.0.0 Safari/537.36 (compatible; meta-externalagent/1.1 (+https://developers.facebook.com/docs/sharing/webmasters/crawler))"
57.141.0.56 - - [13/Jul/2026:14:12:56 +0100] "GET /p=248761373 HTTP/1.0" 200 315 "-" "Mozilla/5.0 (Windows NT 10.0; Win64; x64) AppleWebKit/537.36 (KHTML, like Gecko) Chrome/145.0.0.0 Safari/537.36 (compatible; meta-externalagent/1.1 (+https://developers.facebook.com/docs/sharing/webmasters/crawler))"
57.141.18.38 - - [13/Jul/2026:14:14:31 +0100] "GET /e=292767888 HTTP/1.0" 200 - "-" "Mozilla/5.0 (Macintosh; Intel Mac OS X 10_15_7) AppleWebKit/537.36 (KHTML, like Gecko) Chrome/145.0.0.0 Safari/537.36 (compatible; meta-externalagent/1.1 (+https://developers.facebook.com/docs/sharing/webmasters/crawler))"
17.22.237.175 - - [13/Jul/2026:14:14:48 +0100] "GET /2026/03/19/fl-studio-portable-exe-100-worked-x86x64-final-ultimate/ HTTP/1.0" 200 20 "-" "Mozilla/5.0 (Macintosh; Intel Mac OS X 10_15_7) AppleWebKit/605.1.15 (KHTML, like Gecko) Version/17.4 Safari/605.1.15 (Applebot/0.1; +http://www.apple.com/go/applebot)"
57.141.0.19 - - [13/Jul/2026:14:14:48 +0100] "GET /wp-sitemap-posts-post-1.xml HTTP/1.0" 200 315 "-" "Mozilla/5.0 (Windows NT 10.0; Win64; x64) AppleWebKit/537.36 (KHTML, like Gecko) Chrome/145.0.0.0 Safari/537.36 (compatible; meta-externalagent/1.1 (+https://developers.facebook.com/docs/sharing/webmasters/crawler))"
185.191.171.17 - - [13/Jul/2026:14:15:11 +0100] "GET /2026/05/15/nice-pdf-compressor-crack-keygen-stable-latest-unlimited/ HTTP/1.0" 200 208 "-" "Mozilla/5.0 (compatible; SemrushBot/7~bl; +http://www.semrush.com/bot.html)"
216.73.217.169 - - [13/Jul/2026:14:16:44 +0100] "GET /robots.txt HTTP/1.0" 200 132 "-" "Mozilla/5.0 AppleWebKit/537.36 (KHTML, like Gecko; compatible; ClaudeBot/1.0; +claudebot@anthropic.com)"
216.73.217.169 - - [13/Jul/2026:14:16:45 +0100] "GET /wp-includes/SimplePie/src/Exception.php HTTP/1.0" 200 20 "-" "Mozilla/5.0 AppleWebKit/537.36 (KHTML, like Gecko; compatible; ClaudeBot/1.0; +claudebot@anthropic.com)"
216.73.217.169 - - [13/Jul/2026:14:16:45 +0100] "GET /wp-includes/SimplePie/src/HTTP/ HTTP/1.0" 200 2170 "-" "Mozilla/5.0 AppleWebKit/537.36 (KHTML, like Gecko; compatible; ClaudeBot/1.0; +claudebot@anthropic.com)"
216.73.217.169 - - [13/Jul/2026:14:16:46 +0100] "GET /wp-includes/SimplePie/src/Parser.php HTTP/1.0" 200 211 "-" "Mozilla/5.0 AppleWebKit/537.36 (KHTML, like Gecko; compatible; ClaudeBot/1.0; +claudebot@anthropic.com)"
216.73.217.169 - - [13/Jul/2026:14:16:46 +0100] "GET /wp-includes/SimplePie/src/Cache/ HTTP/1.0" 200 2869 "-" "Mozilla/5.0 AppleWebKit/537.36 (KHTML, like Gecko; compatible; ClaudeBot/1.0; +claudebot@anthropic.com)"
216.73.217.169 - - [13/Jul/2026:14:16:47 +0100] "GET /wp-includes/SimplePie/src/File.php HTTP/1.0" 200 210 "-" "Mozilla/5.0 AppleWebKit/537.36 (KHTML, like Gecko; compatible; ClaudeBot/1.0; +claudebot@anthropic.com)"
57.141.0.18 - - [13/Jul/2026:14:16:55 +0100] "GET /g=201757646 HTTP/1.0" 200 - "-" "Mozilla/5.0 (Windows NT 10.0; Win64; x64) AppleWebKit/537.36 (KHTML, like Gecko) Chrome/145.0.0.0 Safari/537.36 (compatible; meta-externalagent/1.1 (+https://developers.facebook.com/docs/sharing/webmasters/crawler))"
216.73.217.169 - - [13/Jul/2026:14:17:12 +0100] "GET /wp-includes/interactivity-api/interactivity-api.php HTTP/1.0" 200 20 "-" "Mozilla/5.0 AppleWebKit/537.36 (KHTML, like Gecko; compatible; ClaudeBot/1.0; +claudebot@anthropic.com)"
216.73.217.169 - - [13/Jul/2026:14:17:12 +0100] "GET /wp-includes/SimplePie/src/SimplePie.php HTTP/1.0" 200 20 "-" "Mozilla/5.0 AppleWebKit/537.36 (KHTML, like Gecko; compatible; ClaudeBot/1.0; +claudebot@anthropic.com)"
216.73.217.169 - - [13/Jul/2026:14:17:13 +0100] "GET /wp-includes/SimplePie/src/Rating.php HTTP/1.0" 200 20 "-" "Mozilla/5.0 AppleWebKit/537.36 (KHTML, like Gecko; compatible; ClaudeBot/1.0; +claudebot@anthropic.com)"
216.73.217.169 - - [13/Jul/2026:14:17:13 +0100] "GET /wp-includes/SimplePie/src/Cache.php HTTP/1.0" 200 20 "-" "Mozilla/5.0 AppleWebKit/537.36 (KHTML, like Gecko; compatible; ClaudeBot/1.0; +claudebot@anthropic.com)"
216.73.217.169 - - [13/Jul/2026:14:17:14 +0100] "GET /wp-includes/SimplePie/src/Source.php HTTP/1.0" 200 212 "-" "Mozilla/5.0 AppleWebKit/537.36 (KHTML, like Gecko; compatible; ClaudeBot/1.0; +claudebot@anthropic.com)"
57.141.0.38 - - [13/Jul/2026:14:17:23 +0100] "GET /t=27818929 HTTP/1.0" 200 315 "-" "Mozilla/5.0 (Windows NT 10.0; Win64; x64) AppleWebKit/537.36 (KHTML, like Gecko) Chrome/145.0.0.0 Safari/537.36 (compatible; meta-externalagent/1.1 (+https://developers.facebook.com/docs/sharing/webmasters/crawler))"
216.73.217.169 - - [13/Jul/2026:14:18:00 +0100] "GET /wp-includes/SimplePie/src/Credit.php HTTP/1.0" 200 20 "-" "Mozilla/5.0 AppleWebKit/537.36 (KHTML, like Gecko; compatible; ClaudeBot/1.0; +claudebot@anthropic.com)"
216.73.217.169 - - [13/Jul/2026:14:18:00 +0100] "GET /wp-includes/SimplePie/src/Misc.php HTTP/1.0" 200 20 "-" "Mozilla/5.0 AppleWebKit/537.36 (KHTML, like Gecko; compatible; ClaudeBot/1.0; +claudebot@anthropic.com)"
216.73.217.169 - - [13/Jul/2026:14:18:00 +0100] "GET /wp-includes/SimplePie/src/Copyright.php HTTP/1.0" 200 20 "-" "Mozilla/5.0 AppleWebKit/537.36 (KHTML, like Gecko; compatible; ClaudeBot/1.0; +claudebot@anthropic.com)"
216.73.217.169 - - [13/Jul/2026:14:18:01 +0100] "GET /wp-includes/SimplePie/src/Restriction.php HTTP/1.0" 200 20 "-" "Mozilla/5.0 AppleWebKit/537.36 (KHTML, like Gecko; compatible; ClaudeBot/1.0; +claudebot@anthropic.com)"
216.73.217.169 - - [13/Jul/2026:14:18:01 +0100] "GET /wp-includes/SimplePie/src/Caption.php HTTP/1.0" 200 20 "-" "Mozilla/5.0 AppleWebKit/537.36 (KHTML, like Gecko; compatible; ClaudeBot/1.0; +claudebot@anthropic.com)"
57.141.0.4 - - [13/Jul/2026:14:18:04 +0100] "GET /r=160234121 HTTP/1.0" 200 - "-" "Mozilla/5.0 (Windows NT 10.0; Win64; x64) AppleWebKit/537.36 (KHTML, like Gecko) Chrome/145.0.0.0 Safari/537.36 (compatible; meta-externalagent/1.1 (+https://developers.facebook.com/docs/sharing/webmasters/crawler))"
57.141.0.16 - - [13/Jul/2026:14:18:25 +0100] "GET /q=68815484 HTTP/1.0" 200 - "-" "Mozilla/5.0 (Windows NT 10.0; Win64; x64) AppleWebKit/537.36 (KHTML, like Gecko) Chrome/145.0.0.0 Safari/537.36 (compatible; meta-externalagent/1.1 (+https://developers.facebook.com/docs/sharing/webmasters/crawler))"
57.141.0.66 - - [13/Jul/2026:14:18:32 +0100] "GET /f=114959161 HTTP/1.0" 200 315 "-" "Mozilla/5.0 (Windows NT 10.0; Win64; x64) AppleWebKit/537.36 (KHTML, like Gecko) Chrome/145.0.0.0 Safari/537.36 (compatible; meta-externalagent/1.1 (+https://developers.facebook.com/docs/sharing/webmasters/crawler))"
216.73.217.169 - - [13/Jul/2026:14:18:41 +0100] "GET /wp-includes/SimplePie/src/Enclosure.php HTTP/1.0" 200 20 "-" "Mozilla/5.0 AppleWebKit/537.36 (KHTML, like Gecko; compatible; ClaudeBot/1.0; +claudebot@anthropic.com)"
216.73.217.169 - - [13/Jul/2026:14:18:41 +0100] "GET /wp-includes/SimplePie/src/Author.php HTTP/1.0" 200 20 "-" "Mozilla/5.0 AppleWebKit/537.36 (KHTML, like Gecko; compatible; ClaudeBot/1.0; +claudebot@anthropic.com)"
216.73.217.169 - - [13/Jul/2026:14:18:42 +0100] "GET /wp-includes/SimplePie/src/Net/ HTTP/1.0" 200 885 "-" "Mozilla/5.0 AppleWebKit/537.36 (KHTML, like Gecko; compatible; ClaudeBot/1.0; +claudebot@anthropic.com)"
216.73.217.169 - - [13/Jul/2026:14:18:42 +0100] "GET /wp-includes/SimplePie/src/Item.php HTTP/1.0" 200 210 "-" "Mozilla/5.0 AppleWebKit/537.36 (KHTML, like Gecko; compatible; ClaudeBot/1.0; +claudebot@anthropic.com)"
216.73.217.169 - - [13/Jul/2026:14:18:43 +0100] "GET /wp-includes/SimplePie/src/Locator.php HTTP/1.0" 200 214 "-" "Mozilla/5.0 AppleWebKit/537.36 (KHTML, like Gecko; compatible; ClaudeBot/1.0; +claudebot@anthropic.com)"
57.141.0.10 - - [13/Jul/2026:14:18:57 +0100] "GET /p=232760959 HTTP/1.0" 200 315 "-" "Mozilla/5.0 (X11; Linux x86_64) AppleWebKit/537.36 (KHTML, like Gecko) Chrome/145.0.0.0 Safari/537.36 (compatible; meta-externalagent/1.1 (+https://developers.facebook.com/docs/sharing/webmasters/crawler))"
216.73.217.169 - - [13/Jul/2026:14:19:04 +0100] "GET /wp-includes/SimplePie/src/Sanitize.php HTTP/1.0" 200 212 "-" "Mozilla/5.0 AppleWebKit/537.36 (KHTML, like Gecko; compatible; ClaudeBot/1.0; +claudebot@anthropic.com)"
216.73.217.169 - - [13/Jul/2026:14:19:04 +0100] "GET /wp-includes/SimplePie/src/Gzdecode.php HTTP/1.0" 200 20 "-" "Mozilla/5.0 AppleWebKit/537.36 (KHTML, like Gecko; compatible; ClaudeBot/1.0; +claudebot@anthropic.com)"
216.73.217.169 - - [13/Jul/2026:14:19:05 +0100] "GET /wp-includes/interactivity-api/class-wp-interactivity-api.php HTTP/1.0" 200 20 "-" "Mozilla/5.0 AppleWebKit/537.36 (KHTML, like Gecko; compatible; ClaudeBot/1.0; +claudebot@anthropic.com)"
216.73.217.169 - - [13/Jul/2026:14:19:05 +0100] "GET /wp-includes/SimplePie/src/IRI.php HTTP/1.0" 200 20 "-" "Mozilla/5.0 AppleWebKit/537.36 (KHTML, like Gecko; compatible; ClaudeBot/1.0; +claudebot@anthropic.com)"
216.73.217.169 - - [13/Jul/2026:14:19:06 +0100] "GET /wp-includes/SimplePie/src/Registry.php HTTP/1.0" 200 20 "-" "Mozilla/5.0 AppleWebKit/537.36 (KHTML, like Gecko; compatible; ClaudeBot/1.0; +claudebot@anthropic.com)"
57.141.0.22 - - [13/Jul/2026:14:19:37 +0100] "GET /h=142404909 HTTP/1.0" 200 - "-" "Mozilla/5.0 (Windows NT 10.0; Win64; x64) AppleWebKit/537.36 (KHTML, like Gecko) Chrome/145.0.0.0 Safari/537.36 (compatible; meta-externalagent/1.1 (+https://developers.facebook.com/docs/sharing/webmasters/crawler))"
216.73.217.169 - - [13/Jul/2026:14:19:43 +0100] "GET /wp-includes/interactivity-api/class-wp-interactivity-api-directives-processor.php HTTP/1.0" 200 232 "-" "Mozilla/5.0 AppleWebKit/537.36 (KHTML, like Gecko; compatible; ClaudeBot/1.0; +claudebot@anthropic.com)"
216.73.217.169 - - [13/Jul/2026:14:19:43 +0100] "GET /wp-includes/SimplePie/src/XML/ HTTP/1.0" 200 889 "-" "Mozilla/5.0 AppleWebKit/537.36 (KHTML, like Gecko; compatible; ClaudeBot/1.0; +claudebot@anthropic.com)"
216.73.217.169 - - [13/Jul/2026:14:19:44 +0100] "GET /wp-includes/SimplePie/src/RegistryAware.php HTTP/1.0" 200 20 "-" "Mozilla/5.0 AppleWebKit/537.36 (KHTML, like Gecko; compatible; ClaudeBot/1.0; +claudebot@anthropic.com)"
