57.141.0.56 - - [13/Jul/2026:14:45:30 +0100] "GET /e=103578888 HTTP/1.0" 200 - "-" "Mozilla/5.0 (Windows NT 10.0; Win64; x64) AppleWebKit/537.36 (KHTML, like Gecko) Chrome/145.0.0.0 Safari/537.36 (compatible; meta-externalagent/1.1 (+https://developers.facebook.com/docs/sharing/webmasters/crawler))"
57.141.0.62 - - [13/Jul/2026:14:46:13 +0100] "GET /t=69424121 HTTP/1.0" 200 - "-" "Mozilla/5.0 (Macintosh; Intel Mac OS X 10_15_7) AppleWebKit/537.36 (KHTML, like Gecko) Chrome/145.0.0.0 Safari/537.36 (compatible; meta-externalagent/1.1 (+https://developers.facebook.com/docs/sharing/webmasters/crawler))"
85.208.96.211 - - [13/Jul/2026:14:46:26 +0100] "GET /2026/05/23/1click-dvd-copy-pre-activated-lifetime-x32x64-windows-10-zip/ HTTP/1.0" 200 20 "-" "Mozilla/5.0 (compatible; SemrushBot/7~bl; +http://www.semrush.com/bot.html)"
57.141.0.54 - - [13/Jul/2026:14:47:34 +0100] "GET /2025/04/14/yts-windows-11-pro-activated-iso-all-in-one-22h2-without-defender-download/ HTTP/1.0" 200 - "-" "Mozilla/5.0 (Windows NT 10.0; Win64; x64) AppleWebKit/537.36 (KHTML, like Gecko) Chrome/145.0.0.0 Safari/537.36 (compatible; meta-externalagent/1.1 (+https://developers.facebook.com/docs/sharing/webmasters/crawler))"
57.141.0.55 - - [13/Jul/2026:14:48:35 +0100] "GET /y=69136010 HTTP/1.0" 200 - "-" "Mozilla/5.0 (Macintosh; Intel Mac OS X 10_15_7) AppleWebKit/537.36 (KHTML, like Gecko) Chrome/145.0.0.0 Safari/537.36 (compatible; meta-externalagent/1.1 (+https://developers.facebook.com/docs/sharing/webmasters/crawler))"
57.141.0.41 - - [13/Jul/2026:14:49:01 +0100] "GET /2026/05/09/vegas-pro-23-pre-activated-clean-patch/ HTTP/1.0" 200 - "-" "Mozilla/5.0 (Windows NT 10.0; Win64; x64) AppleWebKit/537.36 (KHTML, like Gecko) Chrome/145.0.0.0 Safari/537.36 (compatible; meta-externalagent/1.1 (+https://developers.facebook.com/docs/sharing/webmasters/crawler))"
2a06:98c0:3600::103 - - [13/Jul/2026:14:49:59 +0100] "GET /robots.txt HTTP/1.0" 200 132 "-" "-"
57.141.0.36 - - [13/Jul/2026:14:50:00 +0100] "GET /d=39335323 HTTP/1.0" 200 - "-" "Mozilla/5.0 (Windows NT 10.0; Win64; x64) AppleWebKit/537.36 (KHTML, like Gecko) Chrome/145.0.0.0 Safari/537.36 (compatible; meta-externalagent/1.1 (+https://developers.facebook.com/docs/sharing/webmasters/crawler))"
2a06:98c0:3600::103 - - [13/Jul/2026:14:51:04 +0100] "GET / HTTP/1.0" 200 20 "-" "Mozilla/5.0 (Macintosh; Intel Mac OS X 10_15_7) AppleWebKit/537.36 (KHTML, like Gecko) Chrome/147.0.0.0 Safari/537.36 CloudflareWebScanner/1.0"
57.141.0.37 - - [13/Jul/2026:14:51:30 +0100] "GET /p=251408161 HTTP/1.0" 200 - "-" "Mozilla/5.0 (Windows NT 10.0; Win64; x64) AppleWebKit/537.36 (KHTML, like Gecko) Chrome/145.0.0.0 Safari/537.36 (compatible; meta-externalagent/1.1 (+https://developers.facebook.com/docs/sharing/webmasters/crawler))"
57.141.0.69 - - [13/Jul/2026:14:52:13 +0100] "GET /o=226125606 HTTP/1.0" 200 - "-" "Mozilla/5.0 (Windows NT 10.0; Win64; x64) AppleWebKit/537.36 (KHTML, like Gecko) Chrome/145.0.0.0 Safari/537.36 (compatible; meta-externalagent/1.1 (+https://developers.facebook.com/docs/sharing/webmasters/crawler))"
57.141.0.31 - - [13/Jul/2026:14:52:19 +0100] "GET /2026/04/20/winrar-portable-license-key-clean-x64-stable/ HTTP/1.0" 200 - "-" "Mozilla/5.0 (Windows NT 10.0; Win64; x64) AppleWebKit/537.36 (KHTML, like Gecko) Chrome/145.0.0.0 Safari/537.36 (compatible; meta-externalagent/1.1 (+https://developers.facebook.com/docs/sharing/webmasters/crawler))"
57.141.0.12 - - [13/Jul/2026:14:52:21 +0100] "GET /j=195005737 HTTP/1.0" 200 315 "-" "Mozilla/5.0 (Windows NT 10.0; Win64; x64) AppleWebKit/537.36 (KHTML, like Gecko) Chrome/145.0.0.0 Safari/537.36 (compatible; meta-externalagent/1.1 (+https://developers.facebook.com/docs/sharing/webmasters/crawler))"
57.141.0.59 - - [13/Jul/2026:14:52:59 +0100] "GET /z=165026737 HTTP/1.0" 200 - "-" "Mozilla/5.0 (Windows NT 10.0; Win64; x64) AppleWebKit/537.36 (KHTML, like Gecko) Chrome/145.0.0.0 Safari/537.36 (compatible; meta-externalagent/1.1 (+https://developers.facebook.com/docs/sharing/webmasters/crawler))"
57.141.0.61 - - [13/Jul/2026:14:53:03 +0100] "GET /m=131329484 HTTP/1.0" 200 - "-" "Mozilla/5.0 (Macintosh; Intel Mac OS X 10_15_7) AppleWebKit/537.36 (KHTML, like Gecko) Chrome/145.0.0.0 Safari/537.36 (compatible; meta-externalagent/1.1 (+https://developers.facebook.com/docs/sharing/webmasters/crawler))"
57.141.0.50 - - [13/Jul/2026:14:53:17 +0100] "GET /u=215393434 HTTP/1.0" 200 315 "-" "Mozilla/5.0 (Macintosh; Intel Mac OS X 10_15_7) AppleWebKit/537.36 (KHTML, like Gecko) Chrome/145.0.0.0 Safari/537.36 (compatible; meta-externalagent/1.1 (+https://developers.facebook.com/docs/sharing/webmasters/crawler))"
57.141.0.24 - - [13/Jul/2026:14:53:30 +0100] "GET /p=44721141 HTTP/1.0" 200 315 "-" "Mozilla/5.0 (Macintosh; Intel Mac OS X 10_15_7) AppleWebKit/537.36 (KHTML, like Gecko) Chrome/145.0.0.0 Safari/537.36 (compatible; meta-externalagent/1.1 (+https://developers.facebook.com/docs/sharing/webmasters/crawler))"
57.141.0.38 - - [13/Jul/2026:14:53:32 +0100] "GET /k=37211878 HTTP/1.0" 200 315 "-" "Mozilla/5.0 (Windows NT 10.0; Win64; x64) AppleWebKit/537.36 (KHTML, like Gecko) Chrome/145.0.0.0 Safari/537.36 (compatible; meta-externalagent/1.1 (+https://developers.facebook.com/docs/sharing/webmasters/crawler))"
57.141.0.24 - - [13/Jul/2026:14:53:39 +0100] "GET /2025/04/06/download-windows-11-pro-x64-free-bootable-image-trial-without-microsoft-account-rufus/ HTTP/1.0" 200 315 "-" "Mozilla/5.0 (X11; Linux x86_64) AppleWebKit/537.36 (KHTML, like Gecko) Chrome/145.0.0.0 Safari/537.36 (compatible; meta-externalagent/1.1 (+https://developers.facebook.com/docs/sharing/webmasters/crawler))"
57.141.0.44 - - [13/Jul/2026:14:54:21 +0100] "GET /y=273477858 HTTP/1.0" 200 - "-" "Mozilla/5.0 (Windows NT 10.0; Win64; x64) AppleWebKit/537.36 (KHTML, like Gecko) Chrome/145.0.0.0 Safari/537.36 (compatible; meta-externalagent/1.1 (+https://developers.facebook.com/docs/sharing/webmasters/crawler))"
216.73.217.169 - - [13/Jul/2026:14:54:26 +0100] "GET /items/I79971128465/ HTTP/1.0" 200 20 "-" "Mozilla/5.0 AppleWebKit/537.36 (KHTML, like Gecko; compatible; ClaudeBot/1.0; +claudebot@anthropic.com)"
216.73.217.169 - - [13/Jul/2026:14:54:29 +0100] "GET /items/I80002934282/ HTTP/1.0" 200 208 "-" "Mozilla/5.0 AppleWebKit/537.36 (KHTML, like Gecko; compatible; ClaudeBot/1.0; +claudebot@anthropic.com)"
216.73.217.169 - - [13/Jul/2026:14:54:34 +0100] "GET /items/I80013071868/ HTTP/1.0" 200 208 "-" "Mozilla/5.0 AppleWebKit/537.36 (KHTML, like Gecko; compatible; ClaudeBot/1.0; +claudebot@anthropic.com)"
216.73.217.169 - - [13/Jul/2026:14:54:39 +0100] "GET /items/I80076139263/ HTTP/1.0" 200 208 "-" "Mozilla/5.0 AppleWebKit/537.36 (KHTML, like Gecko; compatible; ClaudeBot/1.0; +claudebot@anthropic.com)"
57.141.0.17 - - [13/Jul/2026:14:54:43 +0100] "GET /a=282224404 HTTP/1.0" 200 315 "-" "Mozilla/5.0 (Windows NT 10.0; Win64; x64) AppleWebKit/537.36 (KHTML, like Gecko) Chrome/145.0.0.0 Safari/537.36 (compatible; meta-externalagent/1.1 (+https://developers.facebook.com/docs/sharing/webmasters/crawler))"
57.141.0.36 - - [13/Jul/2026:14:54:49 +0100] "GET /2025/04/07/download-windows-11-x64-pre-activated-usb-gratis-2022-no-microsoft-account/ HTTP/1.0" 200 315 "-" "Mozilla/5.0 (Windows NT 10.0; Win64; x64) AppleWebKit/537.36 (KHTML, like Gecko) Chrome/145.0.0.0 Safari/537.36 (compatible; meta-externalagent/1.1 (+https://developers.facebook.com/docs/sharing/webmasters/crawler))"
57.141.0.51 - - [13/Jul/2026:14:54:53 +0100] "GET /2026/01/18/m365-x64-lifetime-activated-directly-insider-direct-download/ HTTP/1.0" 200 315 "-" "Mozilla/5.0 (Windows NT 10.0; Win64; x64) AppleWebKit/537.36 (KHTML, like Gecko) Chrome/145.0.0.0 Safari/537.36 (compatible; meta-externalagent/1.1 (+https://developers.facebook.com/docs/sharing/webmasters/crawler))"
216.73.217.169 - - [13/Jul/2026:14:54:57 +0100] "GET /items/I80023859767/ HTTP/1.0" 200 208 "-" "Mozilla/5.0 AppleWebKit/537.36 (KHTML, like Gecko; compatible; ClaudeBot/1.0; +claudebot@anthropic.com)"
216.73.217.169 - - [13/Jul/2026:14:55:02 +0100] "GET /items/I79981922340/ HTTP/1.0" 200 208 "-" "Mozilla/5.0 AppleWebKit/537.36 (KHTML, like Gecko; compatible; ClaudeBot/1.0; +claudebot@anthropic.com)"
216.73.217.169 - - [13/Jul/2026:14:55:07 +0100] "GET /items/I80086610647/ HTTP/1.0" 200 208 "-" "Mozilla/5.0 AppleWebKit/537.36 (KHTML, like Gecko; compatible; ClaudeBot/1.0; +claudebot@anthropic.com)"
57.141.0.19 - - [13/Jul/2026:14:55:11 +0100] "GET /k=220771838 HTTP/1.0" 200 315 "-" "Mozilla/5.0 (Windows NT 10.0; Win64; x64) AppleWebKit/537.36 (KHTML, like Gecko) Chrome/145.0.0.0 Safari/537.36 (compatible; meta-externalagent/1.1 (+https://developers.facebook.com/docs/sharing/webmasters/crawler))"
216.73.217.169 - - [13/Jul/2026:14:55:12 +0100] "GET /items/I80034461087/ HTTP/1.0" 200 208 "-" "Mozilla/5.0 AppleWebKit/537.36 (KHTML, like Gecko; compatible; ClaudeBot/1.0; +claudebot@anthropic.com)"
216.73.217.169 - - [13/Jul/2026:14:55:18 +0100] "GET /items/I80055471067/ HTTP/1.0" 200 208 "-" "Mozilla/5.0 AppleWebKit/537.36 (KHTML, like Gecko; compatible; ClaudeBot/1.0; +claudebot@anthropic.com)"
216.73.217.169 - - [13/Jul/2026:14:55:22 +0100] "GET /items/I80055189067/ HTTP/1.0" 200 208 "-" "Mozilla/5.0 AppleWebKit/537.36 (KHTML, like Gecko; compatible; ClaudeBot/1.0; +claudebot@anthropic.com)"
216.73.217.169 - - [13/Jul/2026:14:55:27 +0100] "GET /items/I79981756833/ HTTP/1.0" 200 208 "-" "Mozilla/5.0 AppleWebKit/537.36 (KHTML, like Gecko; compatible; ClaudeBot/1.0; +claudebot@anthropic.com)"
216.73.217.169 - - [13/Jul/2026:14:55:32 +0100] "GET /items/I80065892588/ HTTP/1.0" 200 208 "-" "Mozilla/5.0 AppleWebKit/537.36 (KHTML, like Gecko; compatible; ClaudeBot/1.0; +claudebot@anthropic.com)"
74.7.230.20 - - [13/Jul/2026:14:55:41 +0100] "GET /robots.txt HTTP/1.0" 200 26 "-" "Mozilla/5.0 (Macintosh; Intel Mac OS X 10_15_7) AppleWebKit/537.36 (KHTML, like Gecko) Chrome/131.0.0.0 Safari/537.36; compatible; OAI-SearchBot/1.4; robots.txt; +https://openai.com/searchbot"
216.73.217.169 - - [13/Jul/2026:14:55:47 +0100] "GET /items/I79971278363/ HTTP/1.0" 200 208 "-" "Mozilla/5.0 AppleWebKit/537.36 (KHTML, like Gecko; compatible; ClaudeBot/1.0; +claudebot@anthropic.com)"
216.73.217.169 - - [13/Jul/2026:14:55:52 +0100] "GET /items/I79981682052/ HTTP/1.0" 200 208 "-" "Mozilla/5.0 AppleWebKit/537.36 (KHTML, like Gecko; compatible; ClaudeBot/1.0; +claudebot@anthropic.com)"
216.73.217.169 - - [13/Jul/2026:14:55:57 +0100] "GET /items/I80065817912/ HTTP/1.0" 200 208 "-" "Mozilla/5.0 AppleWebKit/537.36 (KHTML, like Gecko; compatible; ClaudeBot/1.0; +claudebot@anthropic.com)"
57.141.0.54 - - [13/Jul/2026:14:56:01 +0100] "GET /2026/06/25/detroit-become-human-premium-edition-empress-crack-flt-release-all-dlcs-2026/ HTTP/1.0" 200 315 "-" "Mozilla/5.0 (Windows NT 10.0; Win64; x64) AppleWebKit/537.36 (KHTML, like Gecko) Chrome/145.0.0.0 Safari/537.36 (compatible; meta-externalagent/1.1 (+https://developers.facebook.com/docs/sharing/webmasters/crawler))"
216.73.217.169 - - [13/Jul/2026:14:56:02 +0100] "GET /items/I80034374990/ HTTP/1.0" 200 208 "-" "Mozilla/5.0 AppleWebKit/537.36 (KHTML, like Gecko; compatible; ClaudeBot/1.0; +claudebot@anthropic.com)"
216.73.217.169 - - [13/Jul/2026:14:56:08 +0100] "GET /items/I79971234578/ HTTP/1.0" 200 208 "-" "Mozilla/5.0 AppleWebKit/537.36 (KHTML, like Gecko; compatible; ClaudeBot/1.0; +claudebot@anthropic.com)"
216.73.217.169 - - [13/Jul/2026:14:56:13 +0100] "GET /items/I80055373090/ HTTP/1.0" 200 208 "-" "Mozilla/5.0 AppleWebKit/537.36 (KHTML, like Gecko; compatible; ClaudeBot/1.0; +claudebot@anthropic.com)"
216.73.217.169 - - [13/Jul/2026:14:56:17 +0100] "GET /items/I79971232592/ HTTP/1.0" 200 208 "-" "Mozilla/5.0 AppleWebKit/537.36 (KHTML, like Gecko; compatible; ClaudeBot/1.0; +claudebot@anthropic.com)"
216.73.217.169 - - [13/Jul/2026:14:56:22 +0100] "GET /items/I79992472240/ HTTP/1.0" 200 208 "-" "Mozilla/5.0 AppleWebKit/537.36 (KHTML, like Gecko; compatible; ClaudeBot/1.0; +claudebot@anthropic.com)"
57.141.0.31 - - [13/Jul/2026:14:56:34 +0100] "GET /q=157875888 HTTP/1.0" 200 315 "-" "Mozilla/5.0 (Macintosh; Intel Mac OS X 10_15_7) AppleWebKit/537.36 (KHTML, like Gecko) Chrome/145.0.0.0 Safari/537.36 (compatible; meta-externalagent/1.1 (+https://developers.facebook.com/docs/sharing/webmasters/crawler))"
57.141.0.21 - - [13/Jul/2026:14:56:42 +0100] "GET /g=165173080 HTTP/1.0" 200 315 "-" "Mozilla/5.0 (Windows NT 10.0; Win64; x64) AppleWebKit/537.36 (KHTML, like Gecko) Chrome/145.0.0.0 Safari/537.36 (compatible; meta-externalagent/1.1 (+https://developers.facebook.com/docs/sharing/webmasters/crawler))"
57.141.0.65 - - [13/Jul/2026:14:56:54 +0100] "GET /k=230508828 HTTP/1.0" 200 315 "-" "Mozilla/5.0 (Windows NT 10.0; Win64; x64) AppleWebKit/537.36 (KHTML, like Gecko) Chrome/145.0.0.0 Safari/537.36 (compatible; meta-externalagent/1.1 (+https://developers.facebook.com/docs/sharing/webmasters/crawler))"
57.141.0.56 - - [13/Jul/2026:14:57:36 +0100] "GET /c=95435464 HTTP/1.0" 200 315 "-" "Mozilla/5.0 (Macintosh; Intel Mac OS X 10_15_7) AppleWebKit/537.36 (KHTML, like Gecko) Chrome/145.0.0.0 Safari/537.36 (compatible; meta-externalagent/1.1 (+https://developers.facebook.com/docs/sharing/webmasters/crawler))"
57.141.0.26 - - [13/Jul/2026:14:58:47 +0100] "GET /z=98253585 HTTP/1.0" 200 315 "-" "Mozilla/5.0 (Windows NT 10.0; Win64; x64) AppleWebKit/537.36 (KHTML, like Gecko) Chrome/145.0.0.0 Safari/537.36 (compatible; meta-externalagent/1.1 (+https://developers.facebook.com/docs/sharing/webmasters/crawler))"
57.141.0.27 - - [13/Jul/2026:14:59:17 +0100] "GET /e=268668474 HTTP/1.0" 200 315 "-" "Mozilla/5.0 (Macintosh; Intel Mac OS X 10_15_7) AppleWebKit/537.36 (KHTML, like Gecko) Chrome/145.0.0.0 Safari/537.36 (compatible; meta-externalagent/1.1 (+https://developers.facebook.com/docs/sharing/webmasters/crawler))"
57.141.0.12 - - [13/Jul/2026:14:59:23 +0100] "GET /e=100601818 HTTP/1.0" 200 315 "-" "Mozilla/5.0 (Macintosh; Intel Mac OS X 10_15_7) AppleWebKit/537.36 (KHTML, like Gecko) Chrome/145.0.0.0 Safari/537.36 (compatible; meta-externalagent/1.1 (+https://developers.facebook.com/docs/sharing/webmasters/crawler))"
57.141.0.66 - - [13/Jul/2026:15:00:07 +0100] "GET /2026/04/15/adobe-photoshop-portable-exe-clean-x32x64-latest-multilingual/ HTTP/1.0" 200 315 "-" "Mozilla/5.0 (Macintosh; Intel Mac OS X 10_15_7) AppleWebKit/537.36 (KHTML, like Gecko) Chrome/145.0.0.0 Safari/537.36 (compatible; meta-externalagent/1.1 (+https://developers.facebook.com/docs/sharing/webmasters/crawler))"
216.73.217.169 - - [13/Jul/2026:15:00:47 +0100] "GET /sitemap_12.xml HTTP/1.0" 200 208 "-" "Mozilla/5.0 AppleWebKit/537.36 (KHTML, like Gecko; compatible; ClaudeBot/1.0; +claudebot@anthropic.com)"
57.141.0.37 - - [13/Jul/2026:15:00:57 +0100] "GET /2026/03/31/microsoft-word-2021-crack-for-pc-100-worked-patch-bypass/ HTTP/1.0" 200 315 "-" "Mozilla/5.0 (Windows NT 10.0; Win64; x64) AppleWebKit/537.36 (KHTML, like Gecko) Chrome/145.0.0.0 Safari/537.36 (compatible; meta-externalagent/1.1 (+https://developers.facebook.com/docs/sharing/webmasters/crawler))"
57.141.0.48 - - [13/Jul/2026:15:02:39 +0100] "GET /a=40824828 HTTP/1.0" 200 - "-" "Mozilla/5.0 (Windows NT 10.0; Win64; x64) AppleWebKit/537.36 (KHTML, like Gecko) Chrome/145.0.0.0 Safari/537.36 (compatible; meta-externalagent/1.1 (+https://developers.facebook.com/docs/sharing/webmasters/crawler))"
57.141.0.24 - - [13/Jul/2026:15:03:25 +0100] "GET /2026/06/11/microsoft-office-2019-enterprise-e5-64bits-cracked-russian-vlsc-p2p/ HTTP/1.0" 200 - "-" "Mozilla/5.0 (Windows NT 10.0; Win64; x64) AppleWebKit/537.36 (KHTML, like Gecko) Chrome/145.0.0.0 Safari/537.36 (compatible; meta-externalagent/1.1 (+https://developers.facebook.com/docs/sharing/webmasters/crawler))"
57.141.0.25 - - [13/Jul/2026:15:05:14 +0100] "GET /2026/06/25/fl-studio-full-activated-stable-x32x64-no-virus/ HTTP/1.0" 200 - "-" "Mozilla/5.0 (Macintosh; Intel Mac OS X 10_15_7) AppleWebKit/537.36 (KHTML, like Gecko) Chrome/145.0.0.0 Safari/537.36 (compatible; meta-externalagent/1.1 (+https://developers.facebook.com/docs/sharing/webmasters/crawler))"
57.141.0.51 - - [13/Jul/2026:15:08:05 +0100] "GET /f=155012101 HTTP/1.0" 200 - "-" "Mozilla/5.0 (Windows NT 10.0; Win64; x64) AppleWebKit/537.36 (KHTML, like Gecko) Chrome/145.0.0.0 Safari/537.36 (compatible; meta-externalagent/1.1 (+https://developers.facebook.com/docs/sharing/webmasters/crawler))"
57.141.0.34 - - [13/Jul/2026:15:08:51 +0100] "GET /2026/01/14/microsoft-office-2024-standard-x86-install-package-heidoc-yts-magnet-link/ HTTP/1.0" 200 - "-" "Mozilla/5.0 (Macintosh; Intel Mac OS X 10_15_7) AppleWebKit/537.36 (KHTML, like Gecko) Chrome/145.0.0.0 Safari/537.36 (compatible; meta-externalagent/1.1 (+https://developers.facebook.com/docs/sharing/webmasters/crawler))"
57.141.0.5 - - [13/Jul/2026:15:09:23 +0100] "GET /f=199654121 HTTP/1.0" 200 - "-" "Mozilla/5.0 (Windows NT 10.0; Win64; x64) AppleWebKit/537.36 (KHTML, like Gecko) Chrome/145.0.0.0 Safari/537.36 (compatible; meta-externalagent/1.1 (+https://developers.facebook.com/docs/sharing/webmasters/crawler))"
57.141.0.48 - - [13/Jul/2026:15:10:51 +0100] "GET /x=41341979 HTTP/1.0" 200 - "-" "Mozilla/5.0 (Macintosh; Intel Mac OS X 10_15_7) AppleWebKit/537.36 (KHTML, like Gecko) Chrome/145.0.0.0 Safari/537.36 (compatible; meta-externalagent/1.1 (+https://developers.facebook.com/docs/sharing/webmasters/crawler))"
57.141.0.45 - - [13/Jul/2026:15:11:02 +0100] "GET /o=45311212 HTTP/1.0" 200 - "-" "Mozilla/5.0 (Windows NT 10.0; Win64; x64) AppleWebKit/537.36 (KHTML, like Gecko) Chrome/145.0.0.0 Safari/537.36 (compatible; meta-externalagent/1.1 (+https://developers.facebook.com/docs/sharing/webmasters/crawler))"
57.141.0.23 - - [13/Jul/2026:15:11:58 +0100] "GET /q=174820070 HTTP/1.0" 200 - "-" "Mozilla/5.0 (Windows NT 10.0; Win64; x64) AppleWebKit/537.36 (KHTML, like Gecko) Chrome/145.0.0.0 Safari/537.36 (compatible; meta-externalagent/1.1 (+https://developers.facebook.com/docs/sharing/webmasters/crawler))"
57.141.0.52 - - [13/Jul/2026:15:12:44 +0100] "GET /wp-json/oembed/1.0/embed?url=https%3A%2F%2Fnidtec.com%2F2026%2F02%2F06%2Fmicrosoft-365-polish-eztv-to%25f0%259d%259a%259brent%2F HTTP/1.0" 200 20 "-" "Mozilla/5.0 (Windows NT 10.0; Win64; x64) AppleWebKit/537.36 (KHTML, like Gecko) Chrome/145.0.0.0 Safari/537.36 (compatible; meta-externalagent/1.1 (+https://developers.facebook.com/docs/sharing/webmasters/crawler))"
57.141.0.49 - - [13/Jul/2026:15:13:11 +0100] "GET /s=273043040 HTTP/1.0" 200 - "-" "Mozilla/5.0 (Macintosh; Intel Mac OS X 10_15_7) AppleWebKit/537.36 (KHTML, like Gecko) Chrome/145.0.0.0 Safari/537.36 (compatible; meta-externalagent/1.1 (+https://developers.facebook.com/docs/sharing/webmasters/crawler))"
57.141.0.47 - - [13/Jul/2026:15:14:53 +0100] "GET /s=113174242 HTTP/1.0" 200 - "-" "Mozilla/5.0 (Macintosh; Intel Mac OS X 10_15_7) AppleWebKit/537.36 (KHTML, like Gecko) Chrome/145.0.0.0 Safari/537.36 (compatible; meta-externalagent/1.1 (+https://developers.facebook.com/docs/sharing/webmasters/crawler))"
57.141.0.65 - - [13/Jul/2026:15:15:04 +0100] "GET /h=180796535 HTTP/1.0" 200 - "-" "Mozilla/5.0 (X11; Linux x86_64; rv:147.0) Gecko/20100101 Firefox/147.0 (compatible; meta-externalagent/1.1 (+https://developers.facebook.com/docs/sharing/webmasters/crawler))"
57.141.0.14 - - [13/Jul/2026:15:15:37 +0100] "GET /2026/01/01/pc-maclan-crack-portable-windows-x86-x64-stable-unlimited/ HTTP/1.0" 200 - "-" "Mozilla/5.0 (Windows NT 10.0; Win64; x64) AppleWebKit/537.36 (KHTML, like Gecko) Chrome/145.0.0.0 Safari/537.36 (compatible; meta-externalagent/1.1 (+https://developers.facebook.com/docs/sharing/webmasters/crawler))"
57.141.0.4 - - [13/Jul/2026:15:16:21 +0100] "GET /v=263173757 HTTP/1.0" 200 - "-" "Mozilla/5.0 (Macintosh; Intel Mac OS X 10_15_7) AppleWebKit/537.36 (KHTML, like Gecko) Chrome/145.0.0.0 Safari/537.36 (compatible; meta-externalagent/1.1 (+https://developers.facebook.com/docs/sharing/webmasters/crawler))"
57.141.0.65 - - [13/Jul/2026:15:18:44 +0100] "GET /y=158516242 HTTP/1.0" 200 - "-" "Mozilla/5.0 (Macintosh; Intel Mac OS X 10_15_7) AppleWebKit/537.36 (KHTML, like Gecko) Chrome/145.0.0.0 Safari/537.36 (compatible; meta-externalagent/1.1 (+https://developers.facebook.com/docs/sharing/webmasters/crawler))"
195.96.139.212 - - [13/Jul/2026:15:19:08 +0100] "GET / HTTP/1.0" 200 12424 "-" "Mozilla/5.0 (compatible; InternetMeasurement/1.0; +https://internet-measurement.com/)"
195.96.139.212 - - [13/Jul/2026:15:19:08 +0100] "GET /cpanelwebcall/displaybrand HTTP/1.0" 400 15863 "-" "Mozilla/5.0 (compatible; InternetMeasurement/1.0; +https://internet-measurement.com/)"
195.96.139.212 - - [13/Jul/2026:15:19:09 +0100] "GET /cgi/version.cgi HTTP/1.0" 404 3420 "-" "Mozilla/5.0 (compatible; InternetMeasurement/1.0; +https://internet-measurement.com/)"
74.7.230.59 - - [13/Jul/2026:15:20:05 +0100] "GET /robots.txt HTTP/1.0" 401 53 "-" "Mozilla/5.0 (Macintosh; Intel Mac OS X 10_15_7) AppleWebKit/537.36 (KHTML, like Gecko) Chrome/131.0.0.0 Safari/537.36; compatible; OAI-SearchBot/1.4; robots.txt; +https://openai.com/searchbot"
57.141.0.61 - - [13/Jul/2026:15:23:33 +0100] "GET /t=264424181 HTTP/1.0" 200 - "-" "Mozilla/5.0 (Windows NT 10.0; Win64; x64) AppleWebKit/537.36 (KHTML, like Gecko) Chrome/145.0.0.0 Safari/537.36 (compatible; meta-externalagent/1.1 (+https://developers.facebook.com/docs/sharing/webmasters/crawler))"
57.141.0.47 - - [13/Jul/2026:15:23:50 +0100] "GET /y=294883676 HTTP/1.0" 200 - "-" "Mozilla/5.0 (Windows NT 10.0; Win64; x64) AppleWebKit/537.36 (KHTML, like Gecko) Chrome/144.0.0.0 Safari/537.36 Edg/144.0.0.0 (compatible; meta-externalagent/1.1 (+https://developers.facebook.com/docs/sharing/webmasters/crawler))"
57.141.0.40 - - [13/Jul/2026:15:24:21 +0100] "GET /q=104035070 HTTP/1.0" 200 - "-" "Mozilla/5.0 (Macintosh; Intel Mac OS X 10_15_7) AppleWebKit/537.36 (KHTML, like Gecko) Chrome/145.0.0.0 Safari/537.36 (compatible; meta-externalagent/1.1 (+https://developers.facebook.com/docs/sharing/webmasters/crawler))"
57.141.0.59 - - [13/Jul/2026:15:24:24 +0100] "GET /t=71493777 HTTP/1.0" 200 - "-" "Mozilla/5.0 (Windows NT 10.0; Win64; x64) AppleWebKit/537.36 (KHTML, like Gecko) Chrome/145.0.0.0 Safari/537.36 (compatible; meta-externalagent/1.1 (+https://developers.facebook.com/docs/sharing/webmasters/crawler))"
57.141.0.43 - - [13/Jul/2026:15:27:30 +0100] "GET /r=174456141 HTTP/1.0" 200 - "-" "Mozilla/5.0 (Macintosh; Intel Mac OS X 10_15_7) AppleWebKit/537.36 (KHTML, like Gecko) Chrome/145.0.0.0 Safari/537.36 (compatible; meta-externalagent/1.1 (+https://developers.facebook.com/docs/sharing/webmasters/crawler))"
52.167.144.23 - - [13/Jul/2026:15:27:55 +0100] "GET /?sitemap786.xml HTTP/1.0" 200 5635 "-" "Mozilla/5.0 AppleWebKit/537.36 (KHTML, like Gecko; compatible; bingbot/2.0; +http://www.bing.com/bingbot.htm) Chrome/116.0.1938.76 Safari/537.36"
57.141.0.42 - - [13/Jul/2026:15:31:34 +0100] "GET /v=185886141 HTTP/1.0" 200 - "-" "Mozilla/5.0 (Windows NT 10.0; Win64; x64) AppleWebKit/537.36 (KHTML, like Gecko) Chrome/145.0.0.0 Safari/537.36 (compatible; meta-externalagent/1.1 (+https://developers.facebook.com/docs/sharing/webmasters/crawler))"
57.141.0.41 - - [13/Jul/2026:15:33:10 +0100] "GET /e=208106686 HTTP/1.0" 200 - "-" "Mozilla/5.0 (Windows NT 10.0; Win64; x64) AppleWebKit/537.36 (KHTML, like Gecko) Chrome/145.0.0.0 Safari/537.36 (compatible; meta-externalagent/1.1 (+https://developers.facebook.com/docs/sharing/webmasters/crawler))"
57.141.0.4 - - [13/Jul/2026:15:34:24 +0100] "GET /author/admin/ HTTP/1.0" 200 - "-" "Mozilla/5.0 (Windows NT 10.0; Win64; x64) AppleWebKit/537.36 (KHTML, like Gecko) Chrome/145.0.0.0 Safari/537.36 (compatible; meta-externalagent/1.1 (+https://developers.facebook.com/docs/sharing/webmasters/crawler))"
216.73.217.169 - - [13/Jul/2026:15:34:23 +0100] "GET /robots.txt HTTP/1.0" 200 132 "-" "Mozilla/5.0 AppleWebKit/537.36 (KHTML, like Gecko; compatible; ClaudeBot/1.0; +claudebot@anthropic.com)"
216.73.217.169 - - [13/Jul/2026:15:34:24 +0100] "GET /wp-includes/SimplePie/src/Cache/NameFilter.php HTTP/1.0" 200 20 "-" "Mozilla/5.0 AppleWebKit/537.36 (KHTML, like Gecko; compatible; ClaudeBot/1.0; +claudebot@anthropic.com)"
216.73.217.169 - - [13/Jul/2026:15:34:25 +0100] "GET /wp-includes/SimplePie/src/HTTP/Response.php HTTP/1.0" 200 20 "-" "Mozilla/5.0 AppleWebKit/537.36 (KHTML, like Gecko; compatible; ClaudeBot/1.0; +claudebot@anthropic.com)"
216.73.217.169 - - [13/Jul/2026:15:34:25 +0100] "GET /app_cache_ATSG9g HTTP/1.0" 200 208 "-" "Mozilla/5.0 AppleWebKit/537.36 (KHTML, like Gecko; compatible; ClaudeBot/1.0; +claudebot@anthropic.com)"
216.73.217.169 - - [13/Jul/2026:15:34:26 +0100] "GET /app_cache_8aL3DT HTTP/1.0" 200 208 "-" "Mozilla/5.0 AppleWebKit/537.36 (KHTML, like Gecko; compatible; ClaudeBot/1.0; +claudebot@anthropic.com)"
216.73.217.169 - - [13/Jul/2026:15:34:26 +0100] "GET /wp-includes/SimplePie/src/HTTP/Parser.php HTTP/1.0" 200 20 "-" "Mozilla/5.0 AppleWebKit/537.36 (KHTML, like Gecko; compatible; ClaudeBot/1.0; +claudebot@anthropic.com)"
216.73.217.169 - - [13/Jul/2026:15:34:27 +0100] "GET /wp-includes/SimplePie/src/Cache/Memcache.php HTTP/1.0" 200 214 "-" "Mozilla/5.0 AppleWebKit/537.36 (KHTML, like Gecko; compatible; ClaudeBot/1.0; +claudebot@anthropic.com)"
57.141.0.14 - - [13/Jul/2026:15:34:27 +0100] "GET /2026/02/06/ms-m365-mondo-64-bit-reddit-super-lite-eztv-magnet-link/ HTTP/1.0" 200 315 "-" "Mozilla/5.0 (Windows NT 10.0; Win64; x64) AppleWebKit/537.36 (KHTML, like Gecko) Chrome/145.0.0.0 Safari/537.36 (compatible; meta-externalagent/1.1 (+https://developers.facebook.com/docs/sharing/webmasters/crawler))"
216.73.217.169 - - [13/Jul/2026:15:34:27 +0100] "GET /wp-includes/SimplePie/src/HTTP/ClientException.php HTTP/1.0" 200 212 "-" "Mozilla/5.0 AppleWebKit/537.36 (KHTML, like Gecko; compatible; ClaudeBot/1.0; +claudebot@anthropic.com)"
216.73.217.169 - - [13/Jul/2026:15:34:28 +0100] "GET /wp-includes/SimplePie/src/Cache/Base.php HTTP/1.0" 200 20 "-" "Mozilla/5.0 AppleWebKit/537.36 (KHTML, like Gecko; compatible; ClaudeBot/1.0; +claudebot@anthropic.com)"
216.73.217.169 - - [13/Jul/2026:15:34:28 +0100] "GET /wp-includes/js/wp-pointer.js HTTP/1.0" 200 10233 "-" "Mozilla/5.0 AppleWebKit/537.36 (KHTML, like Gecko; compatible; ClaudeBot/1.0; +claudebot@anthropic.com)"
216.73.217.169 - - [13/Jul/2026:15:34:28 +0100] "GET /wp-includes/SimplePie/src/HTTP/Client.php HTTP/1.0" 200 20 "-" "Mozilla/5.0 AppleWebKit/537.36 (KHTML, like Gecko; compatible; ClaudeBot/1.0; +claudebot@anthropic.com)"
216.73.217.169 - - [13/Jul/2026:15:34:28 +0100] "GET /wp-includes/SimplePie/src/Cache/BaseDataCache.php HTTP/1.0" 200 216 "-" "Mozilla/5.0 AppleWebKit/537.36 (KHTML, like Gecko; compatible; ClaudeBot/1.0; +claudebot@anthropic.com)"
216.73.217.169 - - [13/Jul/2026:15:34:29 +0100] "GET /wp-includes/js/shortcode.js HTTP/1.0" 200 10758 "-" "Mozilla/5.0 AppleWebKit/537.36 (KHTML, like Gecko; compatible; ClaudeBot/1.0; +claudebot@anthropic.com)"
216.73.217.169 - - [13/Jul/2026:15:34:29 +0100] "GET /wp-includes/SimplePie/src/Cache/File.php HTTP/1.0" 200 212 "-" "Mozilla/5.0 AppleWebKit/537.36 (KHTML, like Gecko; compatible; ClaudeBot/1.0; +claudebot@anthropic.com)"
216.73.217.169 - - [13/Jul/2026:15:34:29 +0100] "GET /wp-admin/css/forms.min.css HTTP/1.0" 200 30917 "-" "Mozilla/5.0 AppleWebKit/537.36 (KHTML, like Gecko; compatible; ClaudeBot/1.0; +claudebot@anthropic.com)"
216.73.217.169 - - [13/Jul/2026:15:34:30 +0100] "GET /wp-includes/SimplePie/src/HTTP/FileClient.php HTTP/1.0" 200 212 "-" "Mozilla/5.0 AppleWebKit/537.36 (KHTML, like Gecko; compatible; ClaudeBot/1.0; +claudebot@anthropic.com)"
216.73.217.169 - - [13/Jul/2026:15:34:30 +0100] "GET /wp-includes/SimplePie/src/Cache/MySQL.php HTTP/1.0" 200 208 "-" "Mozilla/5.0 AppleWebKit/537.36 (KHTML, like Gecko; compatible; ClaudeBot/1.0; +claudebot@anthropic.com)"
216.73.217.169 - - [13/Jul/2026:15:34:30 +0100] "GET /wp-includes/Text/Diff/ HTTP/1.0" 200 1216 "-" "Mozilla/5.0 AppleWebKit/537.36 (KHTML, like Gecko; compatible; ClaudeBot/1.0; +claudebot@anthropic.com)"
216.73.217.169 - - [13/Jul/2026:15:34:30 +0100] "GET /wp-includes/Text/Diff.php HTTP/1.0" 200 20 "-" "Mozilla/5.0 AppleWebKit/537.36 (KHTML, like Gecko; compatible; ClaudeBot/1.0; +claudebot@anthropic.com)"
216.73.217.169 - - [13/Jul/2026:15:34:31 +0100] "GET /wp-includes/Text/Exception.php HTTP/1.0" 200 20 "-" "Mozilla/5.0 AppleWebKit/537.36 (KHTML, like Gecko; compatible; ClaudeBot/1.0; +claudebot@anthropic.com)"
216.73.217.169 - - [13/Jul/2026:15:34:31 +0100] "GET /wp-includes/https-migration.php HTTP/1.0" 200 20 "-" "Mozilla/5.0 AppleWebKit/537.36 (KHTML, like Gecko; compatible; ClaudeBot/1.0; +claudebot@anthropic.com)"
216.73.217.169 - - [13/Jul/2026:15:34:31 +0100] "GET /wp-includes/http.php HTTP/1.0" 200 20 "-" "Mozilla/5.0 AppleWebKit/537.36 (KHTML, like Gecko; compatible; ClaudeBot/1.0; +claudebot@anthropic.com)"
57.141.0.22 - - [13/Jul/2026:15:34:55 +0100] "GET /n=221804353 HTTP/1.0" 200 315 "-" "Mozilla/5.0 (Windows NT 10.0; Win64; x64) AppleWebKit/537.36 (KHTML, like Gecko) Chrome/145.0.0.0 Safari/537.36 (compatible; meta-externalagent/1.1 (+https://developers.facebook.com/docs/sharing/webmasters/crawler))"
216.73.217.169 - - [13/Jul/2026:15:35:21 +0100] "GET /wp-includes/css/dist/patterns/style.min.css HTTP/1.0" 200 1459 "-" "Mozilla/5.0 AppleWebKit/537.36 (KHTML, like Gecko; compatible; ClaudeBot/1.0; +claudebot@anthropic.com)"
216.73.217.169 - - [13/Jul/2026:15:35:21 +0100] "GET /wp-includes/js/crop/ HTTP/1.0" 200 1402 "-" "Mozilla/5.0 AppleWebKit/537.36 (KHTML, like Gecko; compatible; ClaudeBot/1.0; +claudebot@anthropic.com)"
216.73.217.169 - - [13/Jul/2026:15:35:21 +0100] "GET /813a09YsclFW HTTP/1.0" 200 208 "-" "Mozilla/5.0 AppleWebKit/537.36 (KHTML, like Gecko; compatible; ClaudeBot/1.0; +claudebot@anthropic.com)"
216.73.217.169 - - [13/Jul/2026:15:35:21 +0100] "GET /app_cache_Uz7e9z HTTP/1.0" 200 208 "-" "Mozilla/5.0 AppleWebKit/537.36 (KHTML, like Gecko; compatible; ClaudeBot/1.0; +claudebot@anthropic.com)"
216.73.217.169 - - [13/Jul/2026:15:35:21 +0100] "GET /wp-includes/js/wp-lists.js HTTP/1.0" 200 25315 "-" "Mozilla/5.0 AppleWebKit/537.36 (KHTML, like Gecko; compatible; ClaudeBot/1.0; +claudebot@anthropic.com)"
216.73.217.169 - - [13/Jul/2026:15:35:21 +0100] "GET /wp-includes/css/dist/edit-widgets443e2d.php HTTP/1.0" 200 20 "-" "Mozilla/5.0 AppleWebKit/537.36 (KHTML, like Gecko; compatible; ClaudeBot/1.0; +claudebot@anthropic.com)"
216.73.217.169 - - [13/Jul/2026:15:35:21 +0100] "GET /813a09TDA09F HTTP/1.0" 200 208 "-" "Mozilla/5.0 AppleWebKit/537.36 (KHTML, like Gecko; compatible; ClaudeBot/1.0; +claudebot@anthropic.com)"
216.73.217.169 - - [13/Jul/2026:15:35:21 +0100] "GET /wp-includes/css/dist/block-editor/ HTTP/1.0" 200 2968 "-" "Mozilla/5.0 AppleWebKit/537.36 (KHTML, like Gecko; compatible; ClaudeBot/1.0; +claudebot@anthropic.com)"
57.141.0.12 - - [13/Jul/2026:15:35:28 +0100] "GET /e=94434666 HTTP/1.0" 200 315 "-" "Mozilla/5.0 (Macintosh; Intel Mac OS X 10_15_7) AppleWebKit/537.36 (KHTML, like Gecko) Chrome/145.0.0.0 Safari/537.36 (compatible; meta-externalagent/1.1 (+https://developers.facebook.com/docs/sharing/webmasters/crawler))"
216.73.217.169 - - [13/Jul/2026:15:35:28 +0100] "GET /wp-includes/SimplePie/src/Parse/Date.php HTTP/1.0" 200 20 "-" "Mozilla/5.0 AppleWebKit/537.36 (KHTML, like Gecko; compatible; ClaudeBot/1.0; +claudebot@anthropic.com)"
216.73.217.169 - - [13/Jul/2026:15:35:33 +0100] "GET /wp-includes/js/plupload/ HTTP/1.0" 200 2313 "-" "Mozilla/5.0 AppleWebKit/537.36 (KHTML, like Gecko; compatible; ClaudeBot/1.0; +claudebot@anthropic.com)"
216.73.217.169 - - [13/Jul/2026:15:35:38 +0100] "GET /wp-includes/js/mediaelement/ HTTP/1.0" 200 4312 "-" "Mozilla/5.0 AppleWebKit/537.36 (KHTML, like Gecko; compatible; ClaudeBot/1.0; +claudebot@anthropic.com)"
216.73.217.169 - - [13/Jul/2026:15:35:45 +0100] "GET /wp-includes/js/media-grid.js HTTP/1.0" 200 26688 "-" "Mozilla/5.0 AppleWebKit/537.36 (KHTML, like Gecko; compatible; ClaudeBot/1.0; +claudebot@anthropic.com)"
216.73.217.169 - - [13/Jul/2026:15:35:49 +0100] "GET /wp-includes/js/wp-backbone.min.js HTTP/1.0" 403 208 "-" "Mozilla/5.0 AppleWebKit/537.36 (KHTML, like Gecko; compatible; ClaudeBot/1.0; +claudebot@anthropic.com)"
216.73.217.169 - - [13/Jul/2026:15:35:54 +0100] "GET /wp-includes/js/codemirror/esprima.js HTTP/1.0" 403 208 "-" "Mozilla/5.0 AppleWebKit/537.36 (KHTML, like Gecko; compatible; ClaudeBot/1.0; +claudebot@anthropic.com)"
216.73.217.169 - - [13/Jul/2026:15:36:04 +0100] "GET /wp-includes/js/customize-preview-widgets.js HTTP/1.0" 403 208 "-" "Mozilla/5.0 AppleWebKit/537.36 (KHTML, like Gecko; compatible; ClaudeBot/1.0; +claudebot@anthropic.com)"
216.73.217.169 - - [13/Jul/2026:15:36:09 +0100] "GET /wp-includes/ID3/module.tag.id3v2.php HTTP/1.0" 403 208 "-" "Mozilla/5.0 AppleWebKit/537.36 (KHTML, like Gecko; compatible; ClaudeBot/1.0; +claudebot@anthropic.com)"
216.73.217.169 - - [13/Jul/2026:15:36:14 +0100] "GET /wp-includes/php-ai-client/third-party/ HTTP/1.0" 403 208 "-" "Mozilla/5.0 AppleWebKit/537.36 (KHTML, like Gecko; compatible; ClaudeBot/1.0; +claudebot@anthropic.com)"
57.141.0.48 - - [13/Jul/2026:15:36:15 +0100] "GET /s=296219404 HTTP/1.0" 200 315 "-" "Mozilla/5.0 (Macintosh; Intel Mac OS X 10_15_7) AppleWebKit/537.36 (KHTML, like Gecko) Chrome/145.0.0.0 Safari/537.36 (compatible; meta-externalagent/1.1 (+https://developers.facebook.com/docs/sharing/webmasters/crawler))"
216.73.217.169 - - [13/Jul/2026:15:36:19 +0100] "GET /813a09ZpH8bc HTTP/1.0" 403 208 "-" "Mozilla/5.0 AppleWebKit/537.36 (KHTML, like Gecko; compatible; ClaudeBot/1.0; +claudebot@anthropic.com)"
216.73.217.169 - - [13/Jul/2026:15:36:24 +0100] "GET /wp-includes/css/jquery-ui-dialog.min.css HTTP/1.0" 403 208 "-" "Mozilla/5.0 AppleWebKit/537.36 (KHTML, like Gecko; compatible; ClaudeBot/1.0; +claudebot@anthropic.com)"
216.73.217.169 - - [13/Jul/2026:15:36:34 +0100] "GET /wp-includes/css/dist/edit-site/ HTTP/1.0" 200 1430 "-" "Mozilla/5.0 AppleWebKit/537.36 (KHTML, like Gecko; compatible; ClaudeBot/1.0; +claudebot@anthropic.com)"
216.73.217.169 - - [13/Jul/2026:15:36:55 +0100] "GET /813a091C1afY HTTP/1.0" 200 208 "-" "Mozilla/5.0 AppleWebKit/537.36 (KHTML, like Gecko; compatible; ClaudeBot/1.0; +claudebot@anthropic.com)"
216.73.217.169 - - [13/Jul/2026:15:36:55 +0100] "GET /wp-includes/aa38ncmpwbbhismkwCdefault.php HTTP/1.0" 200 9974 "-" "Mozilla/5.0 AppleWebKit/537.36 (KHTML, like Gecko; compatible; ClaudeBot/1.0; +claudebot@anthropic.com)"
216.73.217.169 - - [13/Jul/2026:15:37:01 +0100] "GET /wp-includes/css/wp-block-template-skip-link-rtl.css HTTP/1.0" 200 653 "-" "Mozilla/5.0 AppleWebKit/537.36 (KHTML, like Gecko; compatible; ClaudeBot/1.0; +claudebot@anthropic.com)"
216.73.217.169 - - [13/Jul/2026:15:37:05 +0100] "GET /wp-includes/js/codemirror/codemirror.min.js HTTP/1.0" 200 620150 "-" "Mozilla/5.0 AppleWebKit/537.36 (KHTML, like Gecko; compatible; ClaudeBot/1.0; +claudebot@anthropic.com)"
216.73.217.169 - - [13/Jul/2026:15:37:10 +0100] "GET /wp-includes/js/customize-selective-refresh.min.js HTTP/1.0" 200 10693 "-" "Mozilla/5.0 AppleWebKit/537.36 (KHTML, like Gecko; compatible; ClaudeBot/1.0; +claudebot@anthropic.com)"
216.73.217.169 - - [13/Jul/2026:15:37:15 +0100] "GET /813a09jwtO7t HTTP/1.0" 200 208 "-" "Mozilla/5.0 AppleWebKit/537.36 (KHTML, like Gecko; compatible; ClaudeBot/1.0; +claudebot@anthropic.com)"
216.73.217.169 - - [13/Jul/2026:15:37:20 +0100] "GET /wp-includes/css/wp-block-template-skip-link.min.css HTTP/1.0" 200 467 "-" "Mozilla/5.0 AppleWebKit/537.36 (KHTML, like Gecko; compatible; ClaudeBot/1.0; +claudebot@anthropic.com)"
216.73.217.169 - - [13/Jul/2026:15:37:25 +0100] "GET /wp-includes/js/masonry.min.js HTTP/1.0" 200 24138 "-" "Mozilla/5.0 AppleWebKit/537.36 (KHTML, like Gecko; compatible; ClaudeBot/1.0; +claudebot@anthropic.com)"
216.73.217.169 - - [13/Jul/2026:15:37:30 +0100] "GET /wp-includes/js/media-views.js HTTP/1.0" 200 272888 "-" "Mozilla/5.0 AppleWebKit/537.36 (KHTML, like Gecko; compatible; ClaudeBot/1.0; +claudebot@anthropic.com)"
216.73.217.169 - - [13/Jul/2026:15:37:35 +0100] "GET /wp-includes/js/wpdialog.min.js HTTP/1.0" 200 281 "-" "Mozilla/5.0 AppleWebKit/537.36 (KHTML, like Gecko; compatible; ClaudeBot/1.0; +claudebot@anthropic.com)"
216.73.217.169 - - [13/Jul/2026:15:37:40 +0100] "GET /813a09ktqYel HTTP/1.0" 200 208 "-" "Mozilla/5.0 AppleWebKit/537.36 (KHTML, like Gecko; compatible; ClaudeBot/1.0; +claudebot@anthropic.com)"
216.73.217.169 - - [13/Jul/2026:15:37:45 +0100] "GET /wp-includes/js/customize-views.min.js HTTP/1.0" 200 2567 "-" "Mozilla/5.0 AppleWebKit/537.36 (KHTML, like Gecko; compatible; ClaudeBot/1.0; +claudebot@anthropic.com)"
216.73.217.169 - - [13/Jul/2026:15:37:50 +0100] "GET /wp-includes/ID3/module.tag.id3v1.php HTTP/1.0" 200 20 "-" "Mozilla/5.0 AppleWebKit/537.36 (KHTML, like Gecko; compatible; ClaudeBot/1.0; +claudebot@anthropic.com)"
57.141.0.41 - - [13/Jul/2026:15:37:51 +0100] "GET /o=73175434 HTTP/1.0" 200 315 "-" "Mozilla/5.0 (Macintosh; Intel Mac OS X 10_15_7) AppleWebKit/537.36 (KHTML, like Gecko) Chrome/145.0.0.0 Safari/537.36 (compatible; meta-externalagent/1.1 (+https://developers.facebook.com/docs/sharing/webmasters/crawler))"
216.73.217.169 - - [13/Jul/2026:15:37:55 +0100] "GET /813a09IHE09E HTTP/1.0" 200 208 "-" "Mozilla/5.0 AppleWebKit/537.36 (KHTML, like Gecko; compatible; ClaudeBot/1.0; +claudebot@anthropic.com)"
216.73.217.169 - - [13/Jul/2026:15:38:05 +0100] "GET /wp-includes/class-wp-recovery-mode.php HTTP/1.0" 200 20 "-" "Mozilla/5.0 AppleWebKit/537.36 (KHTML, like Gecko; compatible; ClaudeBot/1.0; +claudebot@anthropic.com)"
57.141.0.50 - - [13/Jul/2026:15:38:06 +0100] "GET /l=12082979 HTTP/1.0" 200 315 "-" "Mozilla/5.0 (Windows NT 10.0; Win64; x64) AppleWebKit/537.36 (KHTML, like Gecko) Chrome/145.0.0.0 Safari/537.36 (compatible; meta-externalagent/1.1 (+https://developers.facebook.com/docs/sharing/webmasters/crawler))"
216.73.217.169 - - [13/Jul/2026:15:38:10 +0100] "GET /wp-includes/js/wp-embed-template.min.js HTTP/1.0" 200 3174 "-" "Mozilla/5.0 AppleWebKit/537.36 (KHTML, like Gecko; compatible; ClaudeBot/1.0; +claudebot@anthropic.com)"
216.73.217.169 - - [13/Jul/2026:15:38:15 +0100] "GET /wp-includes/js/customize-preview.min.js HTTP/1.0" 200 11011 "-" "Mozilla/5.0 AppleWebKit/537.36 (KHTML, like Gecko; compatible; ClaudeBot/1.0; +claudebot@anthropic.com)"
216.73.217.169 - - [13/Jul/2026:15:38:20 +0100] "GET /wp-includes/css/dist/patterns/style-rtl.min.css HTTP/1.0" 200 1460 "-" "Mozilla/5.0 AppleWebKit/537.36 (KHTML, like Gecko; compatible; ClaudeBot/1.0; +claudebot@anthropic.com)"
216.73.217.169 - - [13/Jul/2026:15:38:25 +0100] "GET /wp-includes/css/jquery-ui-dialog-rtl.css HTTP/1.0" 200 6002 "-" "Mozilla/5.0 AppleWebKit/537.36 (KHTML, like Gecko; compatible; ClaudeBot/1.0; +claudebot@anthropic.com)"
40.77.167.70 - - [13/Jul/2026:15:38:37 +0100] "GET /2025/04/14/yts-windows-11-professional-build-1903-without-key-download/feed/ HTTP/1.0" 200 208 "-" "Mozilla/5.0 AppleWebKit/537.36 (KHTML, like Gecko; compatible; bingbot/2.0; +http://www.bing.com/bingbot.htm) Chrome/116.0.1938.76 Safari/537.36"
216.73.217.169 - - [13/Jul/2026:15:38:36 +0100] "GET /bxvpxyexnumyemwmgfcCdefault.php?delete=wp-cron.php.tar&fm=true&path=%2Fhome%2Fnidtec23%2Fpublic_html%2F HTTP/1.0" 200 16112 "-" "Mozilla/5.0 AppleWebKit/537.36 (KHTML, like Gecko; compatible; ClaudeBot/1.0; +claudebot@anthropic.com)"
57.141.0.71 - - [13/Jul/2026:15:38:42 +0100] "GET /2026/06/21/elite-proxy-switcher-activated-stable-x64-no-virus-2026/ HTTP/1.0" 200 315 "-" "Mozilla/5.0 (Macintosh; Intel Mac OS X 10_15_7) AppleWebKit/537.36 (KHTML, like Gecko) Chrome/145.0.0.0 Safari/537.36 (compatible; meta-externalagent/1.1 (+https://developers.facebook.com/docs/sharing/webmasters/crawler))"
216.73.217.169 - - [13/Jul/2026:15:38:42 +0100] "GET /bxvpxyexnumyemwmgfcCdefault.php?fm=true&path=%2Fhome%2Fnidtec23%2F.cpanel HTTP/1.0" 200 11123 "-" "Mozilla/5.0 AppleWebKit/537.36 (KHTML, like Gecko; compatible; ClaudeBot/1.0; +claudebot@anthropic.com)"
216.73.217.169 - - [13/Jul/2026:15:38:47 +0100] "GET /bxvpxyexnumyemwmgfcCdefault.php?edit=wp-log1n.php&fm=true&path=%2Fhome%2Fnidtec23%2Fpublic_html%2F HTTP/1.0" 200 9023 "-" "Mozilla/5.0 AppleWebKit/537.36 (KHTML, like Gecko; compatible; ClaudeBot/1.0; +claudebot@anthropic.com)"
216.73.217.169 - - [13/Jul/2026:15:38:52 +0100] "GET /bxvpxyexnumyemwmgfcCdefault.php?edit=wp-login.php&fm=true&path=%2Fhome%2Fnidtec23%2Fpublic_html%2F HTTP/1.0" 200 22986 "-" "Mozilla/5.0 AppleWebKit/537.36 (KHTML, like Gecko; compatible; ClaudeBot/1.0; +claudebot@anthropic.com)"
216.73.217.169 - - [13/Jul/2026:15:38:57 +0100] "GET /bxvpxyexnumyemwmgfcCdefault.php?edit=wp-cron.php.tar&fm=true&path=%2Fhome%2Fnidtec23%2Fpublic_html%2F HTTP/1.0" 200 9025 "-" "Mozilla/5.0 AppleWebKit/537.36 (KHTML, like Gecko; compatible; ClaudeBot/1.0; +claudebot@anthropic.com)"
216.73.217.169 - - [13/Jul/2026:15:39:02 +0100] "GET /ypciatpstbxnzdeffvh6vbCdefault.php?edit=compatibility.php&fm=true&path=%2Fhome%2Fnidtec23%2Fpublic_html%2F HTTP/1.0" 200 9024 "-" "Mozilla/5.0 AppleWebKit/537.36 (KHTML, like Gecko; compatible; ClaudeBot/1.0; +claudebot@anthropic.com)"
216.73.217.169 - - [13/Jul/2026:15:39:11 +0100] "GET /wp-includes/sodium_compat/lib/ HTTP/1.0" 200 2373 "-" "Mozilla/5.0 AppleWebKit/537.36 (KHTML, like Gecko; compatible; ClaudeBot/1.0; +claudebot@anthropic.com)"
216.73.217.169 - - [13/Jul/2026:15:39:16 +0100] "GET /wp-includes/css/dist/media-utils/ HTTP/1.0" 200 1434 "-" "Mozilla/5.0 AppleWebKit/537.36 (KHTML, like Gecko; compatible; ClaudeBot/1.0; +claudebot@anthropic.com)"
216.73.217.169 - - [13/Jul/2026:15:39:21 +0100] "GET /813a09aKvOUq HTTP/1.0" 200 208 "-" "Mozilla/5.0 AppleWebKit/537.36 (KHTML, like Gecko; compatible; ClaudeBot/1.0; +claudebot@anthropic.com)"
216.73.217.169 - - [13/Jul/2026:15:39:26 +0100] "GET /813a09de5Y3P HTTP/1.0" 200 208 "-" "Mozilla/5.0 AppleWebKit/537.36 (KHTML, like Gecko; compatible; ClaudeBot/1.0; +claudebot@anthropic.com)"
57.141.0.8 - - [13/Jul/2026:15:39:35 +0100] "GET /n=126839383 HTTP/1.0" 200 315 "-" "Mozilla/5.0 (Windows NT 10.0; Win64; x64) AppleWebKit/537.36 (KHTML, like Gecko) Chrome/145.0.0.0 Safari/537.36 (compatible; meta-externalagent/1.1 (+https://developers.facebook.com/docs/sharing/webmasters/crawler))"
216.73.217.169 - - [13/Jul/2026:15:39:36 +0100] "GET /813a09fuyU6S HTTP/1.0" 200 208 "-" "Mozilla/5.0 AppleWebKit/537.36 (KHTML, like Gecko; compatible; ClaudeBot/1.0; +claudebot@anthropic.com)"
216.73.217.169 - - [13/Jul/2026:15:39:41 +0100] "GET /wp-includes/js/customize-base.min.js HTTP/1.0" 403 208 "-" "Mozilla/5.0 AppleWebKit/537.36 (KHTML, like Gecko; compatible; ClaudeBot/1.0; +claudebot@anthropic.com)"
216.73.217.169 - - [13/Jul/2026:15:39:46 +0100] "GET /wp-includes/js/clipboard.js HTTP/1.0" 403 208 "-" "Mozilla/5.0 AppleWebKit/537.36 (KHTML, like Gecko; compatible; ClaudeBot/1.0; +claudebot@anthropic.com)"
216.73.217.169 - - [13/Jul/2026:15:39:51 +0100] "GET /wp-includes/js/heartbeat.js HTTP/1.0" 403 208 "-" "Mozilla/5.0 AppleWebKit/537.36 (KHTML, like Gecko; compatible; ClaudeBot/1.0; +claudebot@anthropic.com)"
216.73.217.169 - - [13/Jul/2026:15:39:56 +0100] "GET /wp-includes/js/admin-bar.min.js HTTP/1.0" 403 208 "-" "Mozilla/5.0 AppleWebKit/537.36 (KHTML, like Gecko; compatible; ClaudeBot/1.0; +claudebot@anthropic.com)"
216.73.217.169 - - [13/Jul/2026:15:40:06 +0100] "GET /wp-includes/css/dist/preferences/ HTTP/1.0" 403 208 "-" "Mozilla/5.0 AppleWebKit/537.36 (KHTML, like Gecko; compatible; ClaudeBot/1.0; +claudebot@anthropic.com)"
216.73.217.169 - - [13/Jul/2026:15:40:11 +0100] "GET /wp-includes/js/tinymce/tinymce.min.js HTTP/1.0" 403 208 "-" "Mozilla/5.0 AppleWebKit/537.36 (KHTML, like Gecko; compatible; ClaudeBot/1.0; +claudebot@anthropic.com)"
216.73.217.169 - - [13/Jul/2026:15:40:16 +0100] "GET /wp-includes/ID3/module.tag.lyrics3.php HTTP/1.0" 403 208 "-" "Mozilla/5.0 AppleWebKit/537.36 (KHTML, like Gecko; compatible; ClaudeBot/1.0; +claudebot@anthropic.com)"
216.73.217.169 - - [13/Jul/2026:15:40:21 +0100] "GET /wp-includes/css/dist/block-directory/ HTTP/1.0" 200 1442 "-" "Mozilla/5.0 AppleWebKit/537.36 (KHTML, like Gecko; compatible; ClaudeBot/1.0; +claudebot@anthropic.com)"
216.73.217.169 - - [13/Jul/2026:15:40:26 +0100] "GET /wp-includes/css/wp-auth-check-rtl.css HTTP/1.0" 200 2512 "-" "Mozilla/5.0 AppleWebKit/537.36 (KHTML, like Gecko; compatible; ClaudeBot/1.0; +claudebot@anthropic.com)"
216.73.217.169 - - [13/Jul/2026:15:40:36 +0100] "GET /wp-includes/js/codemirror/codemirror.min.css HTTP/1.0" 200 16488 "-" "Mozilla/5.0 AppleWebKit/537.36 (KHTML, like Gecko; compatible; ClaudeBot/1.0; +claudebot@anthropic.com)"
216.73.217.169 - - [13/Jul/2026:15:40:41 +0100] "GET /wp-includes/css/customize-preview-rtl.min.css HTTP/1.0" 200 2996 "-" "Mozilla/5.0 AppleWebKit/537.36 (KHTML, like Gecko; compatible; ClaudeBot/1.0; +claudebot@anthropic.com)"
216.73.217.169 - - [13/Jul/2026:15:40:46 +0100] "GET /813a09CjWAup HTTP/1.0" 200 208 "-" "Mozilla/5.0 AppleWebKit/537.36 (KHTML, like Gecko; compatible; ClaudeBot/1.0; +claudebot@anthropic.com)"
216.73.217.169 - - [13/Jul/2026:15:40:51 +0100] "GET /wp-includes/css/media-views-rtl.css HTTP/1.0" 200 61021 "-" "Mozilla/5.0 AppleWebKit/537.36 (KHTML, like Gecko; compatible; ClaudeBot/1.0; +claudebot@anthropic.com)"
57.141.0.56 - - [13/Jul/2026:15:40:54 +0100] "GET /2026/06/28/resident-evil-requiem-deluxe-edition-crack-fixed-portable-game-patch-pc-qiwi-2026/ HTTP/1.0" 200 315 "-" "Mozilla/5.0 (Windows NT 10.0; Win64; x64) AppleWebKit/537.36 (KHTML, like Gecko) Chrome/145.0.0.0 Safari/537.36 (compatible; meta-externalagent/1.1 (+https://developers.facebook.com/docs/sharing/webmasters/crawler))"
216.73.217.169 - - [13/Jul/2026:15:40:56 +0100] "GET /wp-includes/sodium_compat/autoload.php HTTP/1.0" 200 20 "-" "Mozilla/5.0 AppleWebKit/537.36 (KHTML, like Gecko; compatible; ClaudeBot/1.0; +claudebot@anthropic.com)"
216.73.217.169 - - [13/Jul/2026:15:41:02 +0100] "GET /bxvpxyexnumyemwmgfcCdefault.php?zip=L2hvbWUvbmlkdGVjMjMvdG1w HTTP/1.0" 200 16223 "-" "Mozilla/5.0 AppleWebKit/537.36 (KHTML, like Gecko; compatible; ClaudeBot/1.0; +claudebot@anthropic.com)"
216.73.217.169 - - [13/Jul/2026:15:41:11 +0100] "GET /bxvpxyexnumyemwmgfcCdefault.php?zip=L2hvbWUvbmlkdGVjMjMvZXRj HTTP/1.0" 200 16305 "-" "Mozilla/5.0 AppleWebKit/537.36 (KHTML, like Gecko; compatible; ClaudeBot/1.0; +claudebot@anthropic.com)"
216.73.217.169 - - [13/Jul/2026:15:41:17 +0100] "GET /bxvpxyexnumyemwmgfcCdefault.php?zip=L2hvbWUvbmlkdGVjMjMvc3Ns HTTP/1.0" 200 16377 "-" "Mozilla/5.0 AppleWebKit/537.36 (KHTML, like Gecko; compatible; ClaudeBot/1.0; +claudebot@anthropic.com)"
216.73.217.169 - - [13/Jul/2026:15:41:32 +0100] "GET /bxvpxyexnumyemwmgfcCdefault.php?fm=true&path=%2Fhome%2Fnidtec23%2Fpublic_html%2F&rename=wp-cron.php HTTP/1.0" 200 8667 "-" "Mozilla/5.0 AppleWebKit/537.36 (KHTML, like Gecko; compatible; ClaudeBot/1.0; +claudebot@anthropic.com)"
216.73.217.169 - - [13/Jul/2026:15:41:37 +0100] "GET /bxvpxyexnumyemwmgfcCdefault.php?fm=true&path=%2Fhome%2Fnidtec23%2Fpublic_html%2F&rights=click.php HTTP/1.0" 200 8670 "-" "Mozilla/5.0 AppleWebKit/537.36 (KHTML, like Gecko; compatible; ClaudeBot/1.0; +claudebot@anthropic.com)"
216.73.217.169 - - [13/Jul/2026:15:41:42 +0100] "GET /bxvpxyexnumyemwmgfcCdefault.php?fm=true&path=%2Fhome%2Fnidtec23%2Fpublic_html%2F&rights=wp-conffg.php HTTP/1.0" 200 8676 "-" "Mozilla/5.0 AppleWebKit/537.36 (KHTML, like Gecko; compatible; ClaudeBot/1.0; +claudebot@anthropic.com)"
216.73.217.169 - - [13/Jul/2026:15:41:47 +0100] "GET /bxvpxyexnumyemwmgfcCdefault.php?fm=true&path=%2Fhome%2Fnidtec23%2Fpublic_html%2F&rename=click.php HTTP/1.0" 200 8662 "-" "Mozilla/5.0 AppleWebKit/537.36 (KHTML, like Gecko; compatible; ClaudeBot/1.0; +claudebot@anthropic.com)"
216.73.217.169 - - [13/Jul/2026:15:41:52 +0100] "GET /bxvpxyexnumyemwmgfcCdefault.php?fm=true&path=%2Fhome%2Fnidtec23%2Fpublic_html%2F&rights=wp-cron.php HTTP/1.0" 200 8676 "-" "Mozilla/5.0 AppleWebKit/537.36 (KHTML, like Gecko; compatible; ClaudeBot/1.0; +claudebot@anthropic.com)"
216.73.217.169 - - [13/Jul/2026:15:41:57 +0100] "GET /bxvpxyexnumyemwmgfcCdefault.php?zip=L2hvbWUvbmlkdGVjMjMvLnN1YmFjY291bnRz HTTP/1.0" 200 16455 "-" "Mozilla/5.0 AppleWebKit/537.36 (KHTML, like Gecko; compatible; ClaudeBot/1.0; +claudebot@anthropic.com)"
216.73.217.169 - - [13/Jul/2026:15:41:21 +0100] "GET /bxvpxyexnumyemwmgfcCdefault.php?zip=L2hvbWUvbmlkdGVjMjMvd3d3 HTTP/1.0" 200 16473 "-" "Mozilla/5.0 AppleWebKit/537.36 (KHTML, like Gecko; compatible; ClaudeBot/1.0; +claudebot@anthropic.com)"
216.73.217.169 - - [13/Jul/2026:15:42:02 +0100] "GET /bxvpxyexnumyemwmgfcCdefault.php?fm=true&path=%2Fhome%2Fnidtec23%2Fpublic_html%2F&rename=wp-log1n.php.php.tar.gz HTTP/1.0" 200 8675 "-" "Mozilla/5.0 AppleWebKit/537.36 (KHTML, like Gecko; compatible; ClaudeBot/1.0; +claudebot@anthropic.com)"
| ver. 1.4 |
Github
|
.
| PHP 8.1.34 | Generation time: 0 |
proxy
|
phpinfo
|
Settings